{"id":21841,"date":"2019-08-12T14:08:16","date_gmt":"2019-08-12T12:08:16","guid":{"rendered":"https:\/\/wbp.lublin.pl\/wp-content\/uploads\/2019\/08\/34.jpg"},"modified":"2019-08-12T14:37:53","modified_gmt":"2019-08-12T12:37:53","slug":"34-40","status":"inherit","type":"attachment","link":"https:\/\/wbp.lublin.pl\/index.php\/2019\/08\/12\/xxv-edycji-nagrody-im-anny-platto-w-obiektywie\/34-40\/","title":{"rendered":"34"},"author":18,"featured_media":0,"comment_status":"closed","ping_status":"closed","template":"","meta":{"_tec_requires_first_save":true,"_crdt_document":"","pgc_sgb_lightbox_settings":"","_EventAllDay":false,"_EventTimezone":"","_EventStartDate":"","_EventEndDate":"","_EventStartDateUTC":"","_EventEndDateUTC":"","_EventShowMap":false,"_EventShowMapLink":false,"_EventURL":"","_EventCost":"","_EventCostDescription":"","_EventCurrencySymbol":"","_EventCurrencyCode":"","_EventCurrencyPosition":"","_EventDateTimeSeparator":"","_EventTimeRangeSeparator":"","_EventOrganizerID":[],"_EventVenueID":[],"_OrganizerEmail":"","_OrganizerPhone":"","_OrganizerWebsite":"","_VenueAddress":"","_VenueCity":"","_VenueCountry":"","_VenueProvince":"","_VenueState":"","_VenueZip":"","_VenuePhone":"","_VenueURL":"","_VenueStateProvince":"","_VenueLat":"","_VenueLng":"","_VenueShowMap":false,"_VenueShowMapLink":false,"_tribe_blocks_recurrence_rules":"","_tribe_blocks_recurrence_description":"","_tribe_blocks_recurrence_exclusions":""},"attachment_category":[],"attachment_tag":[],"class_list":["post-21841","attachment","type-attachment","status-inherit","hentry"],"filename":"34.jpg","filesize":62034,"publishpress_future_workflow_manual_trigger":{"enabledWorkflows":[]},"description":{"rendered":"<p class=\"attachment\"><a href='https:\/\/wbp.lublin.pl\/wp-content\/uploads\/2019\/08\/34.webp'><img loading=\"lazy\" decoding=\"async\" width=\"600\" height=\"400\" src=\"https:\/\/wbp.lublin.pl\/wp-content\/uploads\/2019\/08\/34-600x400.webp\" class=\"attachment-medium size-medium not-transparent\" alt=\"\" srcset=\"https:\/\/wbp.lublin.pl\/wp-content\/uploads\/2019\/08\/34-600x400.webp 600w, https:\/\/wbp.lublin.pl\/wp-content\/uploads\/2019\/08\/34-400x267.webp 400w, https:\/\/wbp.lublin.pl\/wp-content\/uploads\/2019\/08\/34-768x512.webp 768w, https:\/\/wbp.lublin.pl\/wp-content\/uploads\/2019\/08\/34-1536x1024.webp 1536w, https:\/\/wbp.lublin.pl\/wp-content\/uploads\/2019\/08\/34-947x631.webp 947w, https:\/\/wbp.lublin.pl\/wp-content\/uploads\/2019\/08\/34-624x416.webp 624w, https:\/\/wbp.lublin.pl\/wp-content\/uploads\/2019\/08\/34-84x56.webp 84w, https:\/\/wbp.lublin.pl\/wp-content\/uploads\/2019\/08\/34.webp 1620w\" sizes=\"auto, (max-width: 600px) 100vw, 600px\" data-has-transparency=\"false\" data-dominant-color=\"70655a\" style=\"--dominant-color: #70655a;\" \/><\/a><\/p>\n"},"caption":{"rendered":"<p>Zarz\u0105d Wojew\u00f3dztwa Lubelskiego wyr\u00f3\u017cni\u0142 dr Zdzis\u0142awa Bielenia Pomys\u0142odawc\u0119 Nagrody Medalem Pami\u0105tkowym Wojew\u00f3dztwa Lubelskiego w podzi\u0119kowaniu za wieloletnie zaanga\u017cowanie w organizacj\u0119 i realizacj\u0119 Nagrody im. Anny Platto. Medal wr\u0119czy\u0142 Dariusz Stefaniuk <\/p>\n"},"alt_text":"","media_type":"image","mime_type":"image\/jpeg","media_details":{"width":1620,"height":1080,"file":"2019\/08\/34.webp","filesize":62034,"sizes":{"medium":{"file":"34-600x400.webp","width":600,"height":400,"filesize":17600,"sources":{"image\/webp":{"file":"34-600x400.webp","filesize":17600,"source_url":"https:\/\/wbp.lublin.pl\/wp-content\/uploads\/2019\/08\/34-600x400.webp"}},"mime_type":"image\/webp","source_url":"https:\/\/wbp.lublin.pl\/wp-content\/uploads\/2019\/08\/34-600x400.webp"},"thumbnail":{"file":"34-400x267.webp","width":400,"height":267,"filesize":10584,"sources":{"image\/webp":{"file":"34-400x267.webp","filesize":10584,"source_url":"https:\/\/wbp.lublin.pl\/wp-content\/uploads\/2019\/08\/34-400x267.webp"}},"mime_type":"image\/webp","source_url":"https:\/\/wbp.lublin.pl\/wp-content\/uploads\/2019\/08\/34-400x267.webp"},"medium_large":{"file":"34-768x512.webp","width":768,"height":512,"filesize":23558,"sources":{"image\/webp":{"file":"34-768x512.webp","filesize":23558,"source_url":"https:\/\/wbp.lublin.pl\/wp-content\/uploads\/2019\/08\/34-768x512.webp"}},"mime_type":"image\/webp","source_url":"https:\/\/wbp.lublin.pl\/wp-content\/uploads\/2019\/08\/34-768x512.webp"},"1536x1536":{"file":"34-1536x1024.webp","width":1536,"height":1024,"filesize":53340,"mime_type":"image\/webp","source_url":"https:\/\/wbp.lublin.pl\/wp-content\/uploads\/2019\/08\/34-1536x1024.webp"},"homepage-slider":{"file":"34-1270x500.webp","width":1270,"height":500,"filesize":27366,"mime_type":"image\/webp","source_url":"https:\/\/wbp.lublin.pl\/wp-content\/uploads\/2019\/08\/34-1270x500.webp"},"homepage-slider-small":{"file":"34-947x500.webp","width":947,"height":500,"filesize":25726,"mime_type":"image\/webp","source_url":"https:\/\/wbp.lublin.pl\/wp-content\/uploads\/2019\/08\/34-947x500.webp"},"page-top":{"file":"34-947x631.webp","width":947,"height":631,"filesize":30688,"mime_type":"image\/webp","source_url":"https:\/\/wbp.lublin.pl\/wp-content\/uploads\/2019\/08\/34-947x631.webp"},"page-small":{"file":"34-624x416.webp","width":624,"height":416,"filesize":18378,"mime_type":"image\/webp","source_url":"https:\/\/wbp.lublin.pl\/wp-content\/uploads\/2019\/08\/34-624x416.webp"},"loop-main":{"file":"34-365x240.webp","width":365,"height":240,"filesize":9338,"mime_type":"image\/webp","source_url":"https:\/\/wbp.lublin.pl\/wp-content\/uploads\/2019\/08\/34-365x240.webp"},"thumb-gallery-widget":{"file":"34-84x56.webp","width":84,"height":56,"filesize":1370,"mime_type":"image\/webp","source_url":"https:\/\/wbp.lublin.pl\/wp-content\/uploads\/2019\/08\/34-84x56.webp"},"full":{"file":"34.webp","width":1620,"height":1080,"mime_type":"image\/jpeg","source_url":"https:\/\/wbp.lublin.pl\/wp-content\/uploads\/2019\/08\/34.webp","sources":{"image\/webp":{"file":"34.webp","filesize":62034,"source_url":"https:\/\/wbp.lublin.pl\/wp-content\/uploads\/2019\/08\/34.webp"}}}},"image_meta":{"aperture":"0","credit":"","camera":"","caption":"","created_timestamp":"0","copyright":"","focal_length":"0","iso":"0","shutter_speed":"0","title":"","orientation":"0","keywords":[]},"original_image":"34.jpg","dominant_color":"70655a","has_transparency":false},"post":21807,"source_url":"https:\/\/wbp.lublin.pl\/wp-content\/uploads\/2019\/08\/34.webp"}

<p>Zarząd Województwa Lubelskiego wyróżnił dr Zdzisława Bielenia Pomysłodawcę Nagrody Medalem Pamiątkowym Województwa Lubelskiego w podziękowaniu za wieloletnie zaangażowanie w organizację i realizację Nagrody im. Anny Platto. Medal wręczył Dariusz Stefaniuk </p>
