{"id":11330,"date":"2018-06-23T22:44:29","date_gmt":"2018-06-23T20:44:29","guid":{"rendered":"https:\/\/wbp.lublin.pl8\/?page_id=11330"},"modified":"2026-02-16T14:51:55","modified_gmt":"2026-02-16T13:51:55","slug":"czasopisma","status":"publish","type":"page","link":"https:\/\/wbp.lublin.pl\/index.php\/zbiory\/czasopisma\/","title":{"rendered":"Czasopisma"},"content":{"rendered":"<p><!--more--><\/p>\n<p>Czasopisma udost\u0119pniane s\u0105 w <strong>Czytelni Czasopism<\/strong>.<\/p>\n<p>Zbi\u00f3r czasopi\u015bmienniczy, gromadzony blisko 100 lat, liczy ok. 5 tysi\u0119cy tytu\u0142\u00f3w. Jego pocz\u0105tkiem by\u0142a kolekcja Hieronima \u0141opaci\u0144skiego, obejmuj\u0105ca 398 tytu\u0142\u00f3w. Z biegiem lat ros\u0142a, wzbogacaj\u0105c si\u0119 o nowe tytu\u0142y lub uzupe\u0142nienia brakuj\u0105cych numer\u00f3w.<\/p>\n<p>Z pism wydanych w Polsce w XVIII w. (129 tytu\u0142\u00f3w) Biblioteka posiada 21 tytu\u0142\u00f3w gazet i czasopism.<\/p>\n<p>Bogaty zestaw tytu\u0142owy pochodzi z XIX w. i pierwszych lat XX w. Jest ich oko\u0142o 800 tytu\u0142\u00f3w &#8211; w tym 288 tytu\u0142\u00f3w prasy regionalnej. W\u015br\u00f3d nich s\u0105 pierwsze tytu\u0142y prasy regionalnej : Dziennik Ekonomiczny Zamojski (1803), Almanach Lubelski (1815), Dostrzegacz Ekonomiczny i Polityczny Lubelski (1816), Pami\u0119tnik Gospodarczy i Naukowy Lubelski (1817). Ozdob\u0105 pierwszej po\u0142owy XIX w. jest dziennik \u201eKurier Lubelski\u201d z lat 1830-1831. W drugiej po\u0142owie XIX w. pojawiaj\u0105 si\u0119 liczniej dzienniki : Kurier Lubelski (od 1865), Gazeta Lubelska (od 1876) oraz czasopisma urz\u0119dowe : Pamjatnaja Kni\u017cka Lublinskoj Guberni (od 1870), Lublinskije V\u0115domosti (od 1895). Po powstaniu styczniowym wzrasta liczba pism o charakterze gospodarczym. Du\u017ca cz\u0119\u015b\u0107 ukazuj\u0105cych si\u0119 pism jest w j\u0119zyku rosyjskim. Po roku 1905 w spos\u00f3b zdecydowany przewag\u0119 maj\u0105 czasopisma polskie.<\/p>\n<p>Czasopism obcych z XIX i pocz\u0105tk\u00f3w XX w. jest 618 tytu\u0142\u00f3w, najwi\u0119cej rosyjskich. Na szczeg\u00f3ln\u0105 uwag\u0119 zas\u0142uguj\u0105 ilustrowane pisma angielskie.<\/p>\n<p>W latach 1918-1939 Biblioteka wzbogaci\u0142a si\u0119 o blisko 400 tytu\u0142\u00f3w o zr\u00f3\u017cnicowanej tematyce, z przewag\u0105 pism humanistycznych. Z czas\u00f3w powojennych Biblioteka posiada reprezentatywny zestaw czasopism og\u00f3lnopolskich z humanistyki, nauk spo\u0142ecznych, ekonomii.<\/p>\n<p>Spo\u015br\u00f3d 5 tysi\u0119cy tytu\u0142\u00f3w ok. 1250 to zbi\u00f3r czasopism regionalnych. W ci\u0105gu roku do Biblioteki wp\u0142ywa 320 tytu\u0142\u00f3w z bie\u017c\u0105cej prenumeraty (45% stanowi\u0105 czasopisma naukowe, 55% to czasopisma kierowane do szerokiej publiczno\u015bci czytelniczej.<\/p>\n<p>Zbi\u00f3r czasopism na 31 XII 2011 r. liczy\u0142 43 620 jednostek.<\/p>\n<p>Liczba tytu\u0142\u00f3w bie\u017c\u0105cych otrzymywanych w 2011 r. wynosi\u0142a 419. Zarejestrowano wp\u0142ywy 131 tytu\u0142\u00f3w czasopism regionalnych.<\/p>\n\n\n<p class=\"wp-block-paragraph\"><strong>CZASOPISMA BIE\u017b\u0104CE<\/strong>&nbsp;(2026 r.) &nbsp;\u2013 wykaz tytu\u0142\u00f3w:<strong><\/strong><\/p>\n\n\n\n<p class=\"wp-block-paragraph\"><strong>Dzienniki:&nbsp;<\/strong>Dziennik \u2013 Gazeta Prawna, Dziennik Wschodni, Fakt, Gazeta Wyborcza, Kurier Lubelski, Nasz Dziennik, Rzeczpospolita, Przegl\u0105d Sportowy, Super Express,<\/p>\n\n\n\n<p class=\"wp-block-paragraph\"><strong>Czasopisma tre\u015bci og\u00f3lnej:&nbsp;<\/strong>21 Wiek, Angora, Charaktery, Cogito, Gazeta Polska, Go\u015b\u0107 Niedzielny, Kombatant, Ksi\u0105\u017cki : magazyn do czytania, Kronika Tygodnia, Lublin Kultura i Spo\u0142ecze\u0144stwo, Najwy\u017cszy Czas, Nasza Historia,&nbsp; Newsweek Polska, Newsweek Historia, Nexus, Niedziela, Nieznany \u015awiat,&nbsp; Nowa Fantastyka, O Czym Lekarze Ci Nie Powiedz\u0105, Olivia, Pani, Pani Domu, Perspektywy, Pismo : magazyn opinii,&nbsp; Polityka, Poradnik Domowy, Przegl\u0105d, Przekr\u00f3j, Przyjaci\u00f3\u0142ka, Rycerz Niepokalanej, Sens : psychologia dla ciebie, Show, Sieci, S\u0142owo Podlasia, \u015awiat Kobiety, \u015awiat \u017bu\u017cla, Tw\u00f3j Styl, Tygodnik Powszechny, Tygodnik Solidarno\u015b\u0107, Tygodnik Zamojski, Viva, Warszawska Gazeta, Weranda, Wiedza i \u017bycie, Wr\u00f3\u017cka, Wysokie Obcasy Extra, Zwierciad\u0142o, \u017bycie na Gor\u0105co<\/p>\n\n\n\n<p class=\"wp-block-paragraph\"><strong>Czasopisma do nauki j\u0119zyk\u00f3w obcych:&nbsp;<\/strong>Deutsch Aktuell, English Matters,<br>\u00bfEspa\u00f1ol?&nbsp;Si,&nbsp;Gracias, Gazzetta Italia, Italia Mi Piace<\/p>\n\n\n\n<p class=\"wp-block-paragraph\"><strong>Czasopisma popularne z dzia\u0142u Historia&nbsp;<\/strong><em> <\/em><em>M\u00f3wi\u0105 Wieki, Newsweek Historia, Pomocnik Historyczny (Polityka), Zakazana Historia <\/em><em><\/em><\/p>\n\n\n\n<p class=\"wp-block-paragraph\"><strong>Dzia\u0142 og\u00f3lny i bibliotekoznawstwo:&nbsp;<\/strong>Archiwa, Biblioteki i Muzea Ko\u015bcielne, Bibliotekarz Lubelski,&nbsp;<em>Dostrzegacz Biblioteczny-<strong>e<\/strong><\/em>,&nbsp;<em>Folia Bibliologica-<strong>e<\/strong><\/em><em>,<\/em> Kultura i Spo\u0142ecze\u0144stwo, Kultura Wsi, Nauka, Notes Konserwatorski, Odra, Przegl\u0105d Biblioteczny, Rocznik Biblioteki Narodowej, Sprawozdanie Biblioteki Narodowej, Studia Archiwalne, Zagadnienia Informacji Naukowej<\/p>\n\n\n\n<p class=\"wp-block-paragraph\"><strong>Filozofia, psychologia i religioznawstwo:&nbsp;<\/strong>Ethos, <em>Roczniki Filozoficzne-e<\/em>, Memoranda : wiadomo\u015bci Archidiecezji Lubelskiej, Studia Gilsoniana, Wiara i Mundur, Wi\u0119\u017a, Znak<\/p>\n\n\n\n<p class=\"wp-block-paragraph\"><strong>Nauki spo\u0142eczne, prawo, administracja i ekonomia:&nbsp;<\/strong>Archiwum Etnograficzne, Annales UMCS-<strong>e<\/strong>, <em>Dziennik Ustaw-<strong>e<\/strong><\/em>, Ekonomista, <em>Etnografia Polska-<strong>e<\/strong><\/em><strong>,<\/strong> <em>Monitor Polski-<strong>e<\/strong><\/em>, Ma\u0142y Rocznik Statystyczny, Organizacja i Kierowanie, Palestra, Polityka Spo\u0142eczna, Praca i Zabezpieczenie Spo\u0142eczne, Przegl\u0105d Socjologiczny, Przegl\u0105d Zachodni, Rocznik Statystyczny Wojew\u00f3dztwa Lubelskiego,Rocznik Strategiczny, <em>Roczniki Nauk Prawnych-e, Roczniki Nauk Spo\u0142ecznych-<\/em><strong>e<\/strong>, Semper Fidelis, Sprawy Mi\u0119dzynarodowe, Studia Socjologiczne<\/p>\n\n\n\n<p class=\"wp-block-paragraph\"><strong>O\u015bwiata i wychowanie:&nbsp;<\/strong>J\u0119zyki Obce w Szkole, Kwartalnik Pedagogiczny, <em>Lubelski Rocznik Pedagogiczny-<strong>e<\/strong><\/em><strong>, <\/strong>Problemy Opieku\u0144czo\u2013Wychowawcze, <em>Rocznik Pedagogiczny-<strong>e<\/strong><\/em>, Szko\u0142a Specjalna<\/p>\n\n\n\n<p class=\"wp-block-paragraph\"><strong>Nauki przyrodnicze, nauki stosowane:<\/strong> Aura, Automobilista, Auto \u015awiat Katalog, Auto \u015awiat Testy, Chro\u0144my Przyrod\u0119 Ojczyst\u0105, Czas na Wn\u0119trze, Dzia\u0142kowiec, Filokartysta, Historia Wojsko i Technika, Lotnictwo, M\u0142ody Technik, Motor, M\u00f3wi\u0105 Wieki, Murator, National Geographic, NG Traveler,&nbsp;O Czym Lekarze Ci Nie Powiedz\u0105, Nowa Technika Wojskowa, Pi\u0142ka No\u017cna, Polska Zbrojna, Przegl\u0105d Bezpiecze\u0144stwa Wewn\u0119trznego, Przegl\u0105d Techniczny, Skrzydlata Polska, \u015awiat Nauki, Terroryzm, Weranda, Wiedza i \u017bycie, Wojsko i Technika<\/p>\n\n\n\n<p class=\"wp-block-paragraph\"><strong>Sztuka i rozrywka:&nbsp;<\/strong>Jazz Forum, Kino, Konteksty : polska sztuka ludowa, Magazyn Filmowy, Pismo Folkowe, Ruch Muzyczny, Teatr, Teraz Rock<\/p>\n\n\n\n<p class=\"wp-block-paragraph\"><strong>J\u0119zykoznawstwo, nauka o literaturze, literatura pi\u0119kna:&nbsp;<\/strong>&nbsp;Akcent, Czas Kultury, Dialog, Guliwer, J\u0119zyk Polski, Kwartalnik Neofilologiczny, Literatura na \u015awiecie, Migotania, Nowe Ksi\u0105\u017cki, Poradnik J\u0119zykowy, Przegl\u0105d Humanistyczny, Tw\u00f3rczo\u015b\u0107 Ludowa, Tw\u00f3rczo\u015b\u0107<\/p>\n\n\n\n<p class=\"wp-block-paragraph\"><strong>Archeologia, geografia, historia i biografia:&nbsp;<\/strong><em>Annales UMCS \u2013 Sectio B-<strong>e<\/strong>, Annales UMCS \u2013 Sectio F-<strong>e<\/strong><\/em>, Archeion, Bialskie Zeszyty Genealogiczne, <em>Dzieje Najnowsze-<strong>e<\/strong><\/em>, Karta, Kwartalnik Historii \u017byd\u00f3w, <em>Kwartalnik Historyczny-e<\/em>, M\u00f3wi\u0105 Wieki, <em>Ochrona Zabytk\u00f3w-<strong>e<\/strong><\/em>, <em>Pami\u0119\u0107 i Sprawiedliwo\u015b\u0107-e<\/em>, <em>Przegl\u0105d Archiwalny-<strong>e<\/strong><\/em>, Przegl\u0105d Historyczny, Przegl\u0105d Zachodni, <em>Res Historica-<strong>e<\/strong><\/em>, Rocznik Instytutu Europy Wschodniej, Roczniki Polskiego Towarzystwa Heraldycznego, <em>Spotkania z Zabytkami-<strong>e<\/strong><\/em>, <em>Studia \u0179r\u00f3d\u0142oznawcze-<strong>e<\/strong><\/em>, <em>Teka Komisji Urbanistyki i Architektury-<strong>e<\/strong><\/em>, Wiadomo\u015bci Konserwatorskie Wojew\u00f3dztwa Lubelskiego, Wiadomo\u015bci Monarchistyczne<\/p>\n\n\n\n<p class=\"wp-block-paragraph\">Numery bie\u017c\u0105ce (od 2007r.) dla :Dziennik Ustaw oraz Monitor Polski&nbsp; dost\u0119pne s\u0105 wy\u0142\u0105cznie w wersji elektronicznej.<\/p>\n\n\n\n<p class=\"wp-block-paragraph\">Aktualne numery czasopism <em>pisane kursyw\u0105 <\/em>z liter\u0105 <em><strong>e<\/strong><\/em> dost\u0119pne s\u0105 w wersji elektronicznej.<\/p>\n\n\n\n<p class=\"wp-block-paragraph\"><\/p>\n","protected":false},"excerpt":{"rendered":"","protected":false},"author":18,"featured_media":0,"parent":6964,"menu_order":28,"comment_status":"closed","ping_status":"closed","template":"template-fullwidth.php","meta":{"_tec_requires_first_save":true,"_crdt_document":"","pgc_sgb_lightbox_settings":"","_EventAllDay":false,"_EventTimezone":"","_EventStartDate":"","_EventEndDate":"","_EventStartDateUTC":"","_EventEndDateUTC":"","_EventShowMap":false,"_EventShowMapLink":false,"_EventURL":"","_EventCost":"","_EventCostDescription":"","_EventCurrencySymbol":"","_EventCurrencyCode":"","_EventCurrencyPosition":"","_EventDateTimeSeparator":"","_EventTimeRangeSeparator":"","_EventOrganizerID":[],"_EventVenueID":[],"_OrganizerEmail":"","_OrganizerPhone":"","_OrganizerWebsite":"","_VenueAddress":"","_VenueCity":"","_VenueCountry":"","_VenueProvince":"","_VenueState":"","_VenueZip":"","_VenuePhone":"","_VenueURL":"","_VenueStateProvince":"","_VenueLat":"","_VenueLng":"","_VenueShowMap":false,"_VenueShowMapLink":false,"_tribe_blocks_recurrence_rules":"","_tribe_blocks_recurrence_description":"","_tribe_blocks_recurrence_exclusions":"","footnotes":""},"class_list":["post-11330","page","type-page","status-publish","hentry"],"publishpress_future_action":{"enabled":false,"date":"2026-04-17 09:08:49","action":"change-status","newStatus":"draft","terms":[],"taxonomy":"","extraData":[]},"publishpress_future_workflow_manual_trigger":{"enabledWorkflows":[]},"_links":{"self":[{"href":"https:\/\/wbp.lublin.pl\/index.php\/wp-json\/wp\/v2\/pages\/11330","targetHints":{"allow":["GET"]}}],"collection":[{"href":"https:\/\/wbp.lublin.pl\/index.php\/wp-json\/wp\/v2\/pages"}],"about":[{"href":"https:\/\/wbp.lublin.pl\/index.php\/wp-json\/wp\/v2\/types\/page"}],"author":[{"embeddable":true,"href":"https:\/\/wbp.lublin.pl\/index.php\/wp-json\/wp\/v2\/users\/18"}],"replies":[{"embeddable":true,"href":"https:\/\/wbp.lublin.pl\/index.php\/wp-json\/wp\/v2\/comments?post=11330"}],"version-history":[{"count":4,"href":"https:\/\/wbp.lublin.pl\/index.php\/wp-json\/wp\/v2\/pages\/11330\/revisions"}],"predecessor-version":[{"id":79406,"href":"https:\/\/wbp.lublin.pl\/index.php\/wp-json\/wp\/v2\/pages\/11330\/revisions\/79406"}],"up":[{"embeddable":true,"href":"https:\/\/wbp.lublin.pl\/index.php\/wp-json\/wp\/v2\/pages\/6964"}],"wp:attachment":[{"href":"https:\/\/wbp.lublin.pl\/index.php\/wp-json\/wp\/v2\/media?parent=11330"}],"curies":[{"name":"wp","href":"https:\/\/api.w.org\/{rel}","templated":true}]}}