{"id":11491,"date":"2018-06-24T22:32:00","date_gmt":"2018-06-24T20:32:00","guid":{"rendered":"https:\/\/wbp.lublin.pl8\/?page_id=11491"},"modified":"2018-06-27T11:39:51","modified_gmt":"2018-06-27T09:39:51","slug":"bibliografia-lubelszczyzny","status":"publish","type":"page","link":"https:\/\/wbp.lublin.pl\/index.php\/wydawnictwa-wielotomowe\/bibliografia-lubelszczyzny\/","title":{"rendered":"Bibliografia Lubelszczyzny"},"content":{"rendered":"<p><!--more--><\/p>\n<p><em>Bibliografia Lubelszczyzny<\/em> jest wydawnictwem wielotomowym. Poszczeg\u00f3lne tomy ujmuj\u0105 pi\u015bmiennictwo o regionie z lat: <strong>1944-1964<\/strong> (tom wydany w latach 1967-1974), <strong>1965-1970<\/strong> (tom wydany w 1982 r.), <strong>1971-1975<\/strong> (tom wydany w 1994 r.), <strong>1976-1980<\/strong> (tom wydany w 2004 r.),<strong>1981-1985<\/strong> (tom wydany w 2006 r.), <strong>1986-1990<\/strong> (tom wydany w 2007 r.), <strong>1991-1995<\/strong> (tom wydany w 2009 r.), <strong>1996-1997<\/strong> (tom wydany w 2009 r.) <strong>1998-1999<\/strong> (tom wydany w 2002 r.), oraz <strong>2000 <\/strong>(tom wydany w 2005 r.).<\/p>\n<p><em>Bibliografia<\/em> rejestruje pi\u015bmiennictwo obejmuj\u0105ce zakresem tematycznym wszystkie dziedziny \u017cycia. Gromadzi publikacje, kt\u00f3rych przedmiotem jest region w jego granicach administracyjnych. Uwzgl\u0119dnia ksi\u0105\u017cki, czasopisma, dokumenty kartograficzne, artyku\u0142y, dokumenty \u017cycia spo\u0142ecznego. Nie uwzgl\u0119dnia natomiast czasopism og\u0142oszeniowych i handlowych. Opisuje prace wydane na terenie Rzeczypospolitej Polskiej, niezale\u017cnie od j\u0119zyka publikacji. Zasi\u0119g chronologiczny okre\u015blono w tytule ka\u017cdego tomu.<\/p>\n<p>Zr\u0105b g\u0142\u00f3wny bibliografii u\u0142o\u017cono w 16 dzia\u0142\u00f3w. Pomoc\u0105 w korzystaniu s\u0142u\u017c\u0105 dwa indeksy: alfabetyczny i przedmiotowy.<\/p>\n<p style=\"text-align: center;\"><img data-dominant-color=\"cabe9c\" data-has-transparency=\"false\" style=\"--dominant-color: #cabe9c;\" loading=\"lazy\" decoding=\"async\" class=\"size-full wp-image-160 not-transparent\" src=\"http:\/\/wbp.lublin.pl\/wp-content\/uploads\/2009\/12\/publikacje_biblio_lubel_bibliolubel1.gif\" alt=\"Bibliografia Lubelszczyzny 1944-1964\" width=\"126\" height=\"200\" align=\"middle\" border=\"1\" hspace=\"5\" vspace=\"5\" \/><img data-dominant-color=\"b88b59\" data-has-transparency=\"false\" style=\"--dominant-color: #b88b59;\" loading=\"lazy\" decoding=\"async\" class=\"size-full wp-image-161 not-transparent\" src=\"http:\/\/wbp.lublin.pl\/wp-content\/uploads\/2009\/12\/publikacje_biblio_lubel_bibliolubel2.gif\" alt=\"Bibliografia Lubelszczyzny 1965-1970\" width=\"126\" height=\"200\" align=\"middle\" border=\"1\" hspace=\"5\" vspace=\"5\" \/><img data-dominant-color=\"f3eddc\" data-has-transparency=\"false\" style=\"--dominant-color: #f3eddc;\" loading=\"lazy\" decoding=\"async\" class=\"size-full wp-image-162 not-transparent\" src=\"http:\/\/wbp.lublin.pl\/wp-content\/uploads\/2009\/12\/publikacje_biblio_lubel_bibliolubel3.gif\" alt=\"Bibliografia Lubelszczyzny 1971-1975\" width=\"133\" height=\"200\" align=\"middle\" border=\"1\" hspace=\"5\" vspace=\"5\" \/><img data-dominant-color=\"dbd08c\" data-has-transparency=\"false\" style=\"--dominant-color: #dbd08c;\" loading=\"lazy\" decoding=\"async\" class=\"size-full wp-image-163 not-transparent\" src=\"http:\/\/wbp.lublin.pl\/wp-content\/uploads\/2009\/12\/publikacje_biblio_lubel_bibliolubel4.jpg\" alt=\"Bibliografia Lubelszczyzny 1976-1980\" width=\"133\" height=\"200\" align=\"middle\" border=\"1\" hspace=\"5\" vspace=\"5\" \/><img data-dominant-color=\"f4f367\" data-has-transparency=\"false\" style=\"--dominant-color: #f4f367;\" loading=\"lazy\" decoding=\"async\" class=\"size-full wp-image-164 not-transparent\" src=\"http:\/\/wbp.lublin.pl\/wp-content\/uploads\/2009\/12\/publikacje_biblio_lubel_bibliolubel5.jpg\" alt=\"Bibliografia Lubelszczyzny 1981-1985\" width=\"140\" height=\"200\" align=\"middle\" border=\"1\" hspace=\"5\" vspace=\"5\" \/><img data-dominant-color=\"f6ea8e\" data-has-transparency=\"false\" style=\"--dominant-color: #f6ea8e;\" loading=\"lazy\" decoding=\"async\" class=\"size-full wp-image-165 not-transparent\" src=\"http:\/\/wbp.lublin.pl\/wp-content\/uploads\/2009\/12\/publikacje_biblio_lubel_bibliolubel6.gif\" alt=\"Bibliografia Lubelszczyzny 1986-1990\" width=\"127\" height=\"200\" align=\"middle\" border=\"1\" hspace=\"5\" vspace=\"5\" \/><img data-dominant-color=\"e5d388\" data-has-transparency=\"false\" style=\"--dominant-color: #e5d388;\" loading=\"lazy\" decoding=\"async\" class=\"size-full wp-image-166 not-transparent\" title=\"Bibliografia Lubelszczyzny 1991-1995\" src=\"http:\/\/wbp.lublin.pl\/wp-content\/uploads\/2009\/12\/publikacje_biblio_lubel_bibliolubel7.jpg\" alt=\"Bibliografia Lubelszczyzny 1991-1995\" width=\"133\" height=\"200\" align=\"middle\" border=\"1\" hspace=\"5\" vspace=\"5\" \/><img data-dominant-color=\"e8d077\" data-has-transparency=\"false\" style=\"--dominant-color: #e8d077;\" loading=\"lazy\" decoding=\"async\" class=\"size-full wp-image-167 not-transparent\" title=\"Bibliografia Lubelszczyzny 1996-1997\" src=\"http:\/\/wbp.lublin.pl\/wp-content\/uploads\/2009\/12\/publikacje_biblio_lubel_bibliolubel8.jpg\" alt=\"Bibliografia Lubelszczyzny 1996-1997\" width=\"141\" height=\"200\" align=\"middle\" border=\"1\" hspace=\"5\" vspace=\"5\" \/><br \/>\n<img data-dominant-color=\"e6d99f\" data-has-transparency=\"false\" style=\"--dominant-color: #e6d99f;\" loading=\"lazy\" decoding=\"async\" class=\"size-full wp-image-168 not-transparent\" src=\"http:\/\/wbp.lublin.pl\/wp-content\/uploads\/2009\/12\/publikacje_biblio_lubel_bibliolubel9.jpg\" alt=\"Bibliografia Lubelszczyzny 1998-1999\" width=\"133\" height=\"200\" align=\"middle\" border=\"1\" hspace=\"5\" vspace=\"5\" \/><img data-dominant-color=\"e3588c\" data-has-transparency=\"false\" style=\"--dominant-color: #e3588c;\" loading=\"lazy\" decoding=\"async\" class=\"size-full wp-image-169 not-transparent\" src=\"http:\/\/wbp.lublin.pl\/wp-content\/uploads\/2009\/12\/publikacje_biblio_lubel_bibliolubel10.jpg\" alt=\"Bibliografia Lubelszczyzny 2000\" width=\"133\" height=\"200\" align=\"middle\" border=\"1\" hspace=\"5\" vspace=\"5\" \/><\/p>\n","protected":false},"excerpt":{"rendered":"","protected":false},"author":18,"featured_media":169,"parent":11502,"menu_order":26,"comment_status":"closed","ping_status":"closed","template":"","meta":{"_tec_requires_first_save":true,"_crdt_document":"","pgc_sgb_lightbox_settings":"","_EventAllDay":false,"_EventTimezone":"","_EventStartDate":"","_EventEndDate":"","_EventStartDateUTC":"","_EventEndDateUTC":"","_EventShowMap":false,"_EventShowMapLink":false,"_EventURL":"","_EventCost":"","_EventCostDescription":"","_EventCurrencySymbol":"","_EventCurrencyCode":"","_EventCurrencyPosition":"","_EventDateTimeSeparator":"","_EventTimeRangeSeparator":"","_EventOrganizerID":[],"_EventVenueID":[],"_OrganizerEmail":"","_OrganizerPhone":"","_OrganizerWebsite":"","_VenueAddress":"","_VenueCity":"","_VenueCountry":"","_VenueProvince":"","_VenueState":"","_VenueZip":"","_VenuePhone":"","_VenueURL":"","_VenueStateProvince":"","_VenueLat":"","_VenueLng":"","_VenueShowMap":false,"_VenueShowMapLink":false,"_tribe_blocks_recurrence_rules":"","_tribe_blocks_recurrence_description":"","_tribe_blocks_recurrence_exclusions":"","footnotes":""},"class_list":["post-11491","page","type-page","status-publish","has-post-thumbnail","hentry"],"publishpress_future_action":{"enabled":false,"date":"2026-04-22 03:33:11","action":"change-status","newStatus":"draft","terms":[],"taxonomy":"","extraData":[]},"publishpress_future_workflow_manual_trigger":{"enabledWorkflows":[]},"_links":{"self":[{"href":"https:\/\/wbp.lublin.pl\/index.php\/wp-json\/wp\/v2\/pages\/11491","targetHints":{"allow":["GET"]}}],"collection":[{"href":"https:\/\/wbp.lublin.pl\/index.php\/wp-json\/wp\/v2\/pages"}],"about":[{"href":"https:\/\/wbp.lublin.pl\/index.php\/wp-json\/wp\/v2\/types\/page"}],"author":[{"embeddable":true,"href":"https:\/\/wbp.lublin.pl\/index.php\/wp-json\/wp\/v2\/users\/18"}],"replies":[{"embeddable":true,"href":"https:\/\/wbp.lublin.pl\/index.php\/wp-json\/wp\/v2\/comments?post=11491"}],"version-history":[{"count":2,"href":"https:\/\/wbp.lublin.pl\/index.php\/wp-json\/wp\/v2\/pages\/11491\/revisions"}],"predecessor-version":[{"id":11493,"href":"https:\/\/wbp.lublin.pl\/index.php\/wp-json\/wp\/v2\/pages\/11491\/revisions\/11493"}],"up":[{"embeddable":true,"href":"https:\/\/wbp.lublin.pl\/index.php\/wp-json\/wp\/v2\/pages\/11502"}],"wp:featuredmedia":[{"embeddable":true,"href":"https:\/\/wbp.lublin.pl\/index.php\/wp-json\/wp\/v2\/media\/169"}],"wp:attachment":[{"href":"https:\/\/wbp.lublin.pl\/index.php\/wp-json\/wp\/v2\/media?parent=11491"}],"curies":[{"name":"wp","href":"https:\/\/api.w.org\/{rel}","templated":true}]}}