{"id":11494,"date":"2018-06-24T22:33:35","date_gmt":"2018-06-24T20:33:35","guid":{"rendered":"https:\/\/wbp.lublin.pl8\/?page_id=11494"},"modified":"2018-06-24T22:49:46","modified_gmt":"2018-06-24T20:49:46","slug":"katalog-czasopism-lubelskich","status":"publish","type":"page","link":"https:\/\/wbp.lublin.pl\/index.php\/wydawnictwa-wielotomowe\/katalog-czasopism-lubelskich\/","title":{"rendered":"Katalog czasopism Lubelskich"},"content":{"rendered":"<p><!--more--><\/p>\n<p><em>Katalog czasopism lubelskich<\/em> zaplanowany jest jako wydawnictwo 4-tomowe. Obejmuje wszystkie gazety, czasopisma, jednodni\u00f3wki, kalendarze itp. od XVIII w. do roku 2000 r. W katalogu znajdzie si\u0119 ok. 2300 \u2013 2500 tytu\u0142\u00f3w. W publikacji umieszczono zasoby 15 instytucji: bibliotek, muze\u00f3w, archiwum &#8211; z Lublina i z terenu wojew\u00f3dztwa.<\/p>\n<p>Tom I, zawieraj\u0105cy czasopisma na litery A-F, ukaza\u0142 si\u0119 w 2004 r.<br \/>\nTom II, rejestruj\u0105cy czasopisma, kt\u00f3rych tytu\u0142y rozpoczynaj\u0105 si\u0119 na litery G-M,<br \/>\nopublikowano w 2005 r.<br \/>\nTom III, zawieraj\u0105cy czasopisma na litery N-\u015a, ukaza\u0142 si\u0119 w 2009 r.<\/p>\n<p><img data-dominant-color=\"0f7d7b\" data-has-transparency=\"false\" style=\"--dominant-color: #0f7d7b;\" loading=\"lazy\" decoding=\"async\" class=\"size-full wp-image-178 not-transparent\" src=\"http:\/\/wbp.lublin.pl\/wp-content\/uploads\/2009\/12\/publikacje_kat_czas_lub_katczaslub1.jpg\" alt=\"Katalog Czasopism Lubelskich, t. 1.\" width=\"140\" height=\"200\" align=\"middle\" border=\"1\" hspace=\"5\" vspace=\"5\" \/><img data-dominant-color=\"0a1a0a\" data-has-transparency=\"false\" style=\"--dominant-color: #0a1a0a;\" loading=\"lazy\" decoding=\"async\" class=\"size-full wp-image-179 not-transparent\" src=\"http:\/\/wbp.lublin.pl\/wp-content\/uploads\/2009\/12\/publikacje_kat_czas_lub_katczaslub2.jpg\" alt=\"Katalog Czasopism Lubelskich, t. 2.\" width=\"141\" height=\"200\" align=\"middle\" border=\"1\" hspace=\"5\" vspace=\"5\" \/><br \/>\n<img data-dominant-color=\"070f08\" data-has-transparency=\"false\" style=\"--dominant-color: #070f08;\" loading=\"lazy\" decoding=\"async\" class=\"size-full wp-image-180 not-transparent\" src=\"http:\/\/wbp.lublin.pl\/wp-content\/uploads\/2009\/12\/publikacje_kat_czas_lub_katczaslub3.jpg\" alt=\"Katalog Czasopism Lubelskich, t. 3.\" width=\"141\" height=\"200\" align=\"middle\" border=\"1\" hspace=\"5\" vspace=\"5\" \/><img data-dominant-color=\"f7f0f7\" data-has-transparency=\"false\" style=\"--dominant-color: #f7f0f7;\" loading=\"lazy\" decoding=\"async\" class=\"size-full wp-image-181 not-transparent\" src=\"http:\/\/wbp.lublin.pl\/wp-content\/uploads\/2009\/12\/publikacje_kat_czas_lub_katczaslub4.jpg\" alt=\"Katalog Czasopism Lubelskich, t. 4 (w opracowaniu)\" width=\"141\" height=\"200\" align=\"middle\" border=\"1\" hspace=\"5\" vspace=\"5\" \/><\/p>\n","protected":false},"excerpt":{"rendered":"","protected":false},"author":18,"featured_media":178,"parent":11502,"menu_order":14,"comment_status":"closed","ping_status":"closed","template":"","meta":{"_tec_requires_first_save":true,"_crdt_document":"","pgc_sgb_lightbox_settings":"","_EventAllDay":false,"_EventTimezone":"","_EventStartDate":"","_EventEndDate":"","_EventStartDateUTC":"","_EventEndDateUTC":"","_EventShowMap":false,"_EventShowMapLink":false,"_EventURL":"","_EventCost":"","_EventCostDescription":"","_EventCurrencySymbol":"","_EventCurrencyCode":"","_EventCurrencyPosition":"","_EventDateTimeSeparator":"","_EventTimeRangeSeparator":"","_EventOrganizerID":[],"_EventVenueID":[],"_OrganizerEmail":"","_OrganizerPhone":"","_OrganizerWebsite":"","_VenueAddress":"","_VenueCity":"","_VenueCountry":"","_VenueProvince":"","_VenueState":"","_VenueZip":"","_VenuePhone":"","_VenueURL":"","_VenueStateProvince":"","_VenueLat":"","_VenueLng":"","_VenueShowMap":false,"_VenueShowMapLink":false,"_tribe_blocks_recurrence_rules":"","_tribe_blocks_recurrence_description":"","_tribe_blocks_recurrence_exclusions":"","footnotes":""},"class_list":["post-11494","page","type-page","status-publish","has-post-thumbnail","hentry"],"publishpress_future_action":{"enabled":false,"date":"2026-05-03 08:42:37","action":"change-status","newStatus":"draft","terms":[],"taxonomy":"","extraData":[]},"publishpress_future_workflow_manual_trigger":{"enabledWorkflows":[]},"_links":{"self":[{"href":"https:\/\/wbp.lublin.pl\/index.php\/wp-json\/wp\/v2\/pages\/11494","targetHints":{"allow":["GET"]}}],"collection":[{"href":"https:\/\/wbp.lublin.pl\/index.php\/wp-json\/wp\/v2\/pages"}],"about":[{"href":"https:\/\/wbp.lublin.pl\/index.php\/wp-json\/wp\/v2\/types\/page"}],"author":[{"embeddable":true,"href":"https:\/\/wbp.lublin.pl\/index.php\/wp-json\/wp\/v2\/users\/18"}],"replies":[{"embeddable":true,"href":"https:\/\/wbp.lublin.pl\/index.php\/wp-json\/wp\/v2\/comments?post=11494"}],"version-history":[{"count":1,"href":"https:\/\/wbp.lublin.pl\/index.php\/wp-json\/wp\/v2\/pages\/11494\/revisions"}],"predecessor-version":[{"id":11495,"href":"https:\/\/wbp.lublin.pl\/index.php\/wp-json\/wp\/v2\/pages\/11494\/revisions\/11495"}],"up":[{"embeddable":true,"href":"https:\/\/wbp.lublin.pl\/index.php\/wp-json\/wp\/v2\/pages\/11502"}],"wp:featuredmedia":[{"embeddable":true,"href":"https:\/\/wbp.lublin.pl\/index.php\/wp-json\/wp\/v2\/media\/178"}],"wp:attachment":[{"href":"https:\/\/wbp.lublin.pl\/index.php\/wp-json\/wp\/v2\/media?parent=11494"}],"curies":[{"name":"wp","href":"https:\/\/api.w.org\/{rel}","templated":true}]}}

<p><!--more--></p>
<p><em>Katalog czasopism lubelskich</em> zaplanowany jest jako wydawnictwo 4-tomowe. Obejmuje wszystkie gazety, czasopisma, jednodniówki, kalendarze itp. od XVIII w. do roku 2000 r. W katalogu znajdzie się ok. 2300 – 2500 tytułów. W publikacji umieszczono zasoby 15 instytucji: bibliotek, muzeów, archiwum &#8211; z Lublina i z terenu województwa.</p>
<p>Tom I, zawierający czasopisma na litery A-F, ukazał się w 2004 r.<br />
Tom II, rejestrujący czasopisma, których tytuły rozpoczynają się na litery G-M,<br />
opublikowano w 2005 r.<br />
Tom III, zawierający czasopisma na litery N-Ś, ukazał się w 2009 r.</p>
<p><img data-dominant-color="0f7d7b" data-has-transparency="false" style="--dominant-color: #0f7d7b;" loading="lazy" decoding="async" class="size-full wp-image-178 not-transparent" src="http://wbp.lublin.pl/wp-content/uploads/2009/12/publikacje_kat_czas_lub_katczaslub1.jpg" alt="Katalog Czasopism Lubelskich, t. 1." width="140" height="200" align="middle" border="1" hspace="5" vspace="5" /><img data-dominant-color="0a1a0a" data-has-transparency="false" style="--dominant-color: #0a1a0a;" loading="lazy" decoding="async" class="size-full wp-image-179 not-transparent" src="http://wbp.lublin.pl/wp-content/uploads/2009/12/publikacje_kat_czas_lub_katczaslub2.jpg" alt="Katalog Czasopism Lubelskich, t. 2." width="141" height="200" align="middle" border="1" hspace="5" vspace="5" /><br />
<img data-dominant-color="070f08" data-has-transparency="false" style="--dominant-color: #070f08;" loading="lazy" decoding="async" class="size-full wp-image-180 not-transparent" src="http://wbp.lublin.pl/wp-content/uploads/2009/12/publikacje_kat_czas_lub_katczaslub3.jpg" alt="Katalog Czasopism Lubelskich, t. 3." width="141" height="200" align="middle" border="1" hspace="5" vspace="5" /><img data-dominant-color="f7f0f7" data-has-transparency="false" style="--dominant-color: #f7f0f7;" loading="lazy" decoding="async" class="size-full wp-image-181 not-transparent" src="http://wbp.lublin.pl/wp-content/uploads/2009/12/publikacje_kat_czas_lub_katczaslub4.jpg" alt="Katalog Czasopism Lubelskich, t. 4 (w opracowaniu)" width="141" height="200" align="middle" border="1" hspace="5" vspace="5" /></p>
