{"id":11546,"date":"2018-06-25T00:41:08","date_gmt":"2018-06-24T22:41:08","guid":{"rendered":"https:\/\/wbp.lublin.pl8\/?page_id=11546"},"modified":"2018-07-02T00:23:12","modified_gmt":"2018-07-01T22:23:12","slug":"stowarzyszenie-pisarzy-polskich","status":"publish","type":"page","link":"https:\/\/wbp.lublin.pl\/index.php\/instytucje-wspolpracujace\/stowarzyszenie-pisarzy-polskich\/","title":{"rendered":"Stowarzyszenie Pisarzy Polskich"},"content":{"rendered":"<p><!--more--><\/p>\n<p>SPP powsta\u0142o w czerwcu 1989 roku, z inicjatywy ostatniego prezesa Zwi\u0105zku Literat\u00f3w Polskich (rozwi\u0105zanego przez w\u0142adze b. PRL w sierpniu 1983), Jana J\u00f3zefa Szczepa\u0144skiego. Cz\u0142onkami-za\u0142o\u017cycielami Stowarzyszenia zostali pisarze niezale\u017cni, dawni cz\u0142onkowie ZLP, kt\u00f3rzy po wrze\u015bniu roku 1983 nie wst\u0105pili do utworzonego przez literat\u00f3w partyjnych, na rozkaz K.C. b. PZPR, tzw. \u201eZwi\u0105zku Literat\u00f3w Polskich\u201d (istniej\u0105cego do dzi\u015b, mimo zmian ustrojowych w Polsce, przypisuj\u0105cego sobie tradycje dawnego ZLP, powsta\u0142ego w roku 1920). Tytu\u0142 cz\u0142onka-za\u0142o\u017cyciela SPP otrzyma\u0142y w Lublinie cztery osoby: Bohdan Kr\u00f3likowski, ostatni prezes Lubelskiego Oddzia\u0142u ZLP, nie\u017cyj\u0105cy ju\u017c dzi\u015b Bogdan Madej, Zbigniew Strza\u0142kowski i J\u00f3zef Zi\u0119ba.<\/p>\n<p>Oddzia\u0142 Lubelski SPP powsta\u0142 dopiero w pocz\u0105tkach roku 1991, kiedy zosta\u0142a osi\u0105gni\u0119ta statutowa liczba cz\u0142onk\u00f3w (dziewi\u0119ciu), co nast\u0105pi\u0142o po przyj\u0119ciu do SPP Wac\u0142awa Iwaniuka (zmar\u0142ego przed kilkoma laty w Kanadzie). Prezesami Oddzia\u0142u byli kolejno: B. Kr\u00f3likowski (1991 \u2013 1996), J. Zi\u0119ba (1996 \u2013 2002), J. Fert (2002- 2004), kt\u00f3ry w czerwcu 2004 zrezygnowa\u0142 z funkcji, po wyborze na prorektora KUL; zast\u0105pi\u0142 go do ko\u0144ca kadencji (do 2005) B. Kr\u00f3likowski.<\/p>\n<p>Obecny sk\u0142ad Lubelskiego Oddzia\u0142u SPP<\/p>\n<p>Zarz\u0105d: prezes &#8211; Bohdan Kr\u00f3likowski, dr n. hum. \u2013 tel. 443-00-71<br \/>\nsekretarz &#8211; ks. Alfred Marek Wierzbicki, dr teol. \u2013 743-65-05<br \/>\nskarbnik \u2013 Zbigniew W\u0142odzimierz Fronczek, mgr filol. pol. \u2013 741-63-57<\/p>\n<p>Adres Oddzia\u0142u: ul. Z\u0142ota 3, Muzeum Literackie im. J. Czechowicza<\/p>\n<p>Cz\u0142onkowie: Arkadiusz Bag\u0142ajewski, dr n. hum., red. \u2013 741-02-50<br \/>\nJacek D\u0105ba\u0142a, dr n. hum., red. \u2013 528-07-07<br \/>\nJ\u00f3zef Franciszek Fert, dr hab. n. hum., prof. \u2013 526-26-85<br \/>\nMaria J\u00f3zefacka, dr n. hum. \u2013 741 \u201313-87<br \/>\nAdam Kulik \u2013 526-14-66<br \/>\nCezary Listowski, mgr teol. \u2013 468-55-45<br \/>\nAndrzej Niewiadomski, dr n. hum., red. \u2013 527-41-94<br \/>\nW\u0142adys\u0142aw Panas, dr hab. n. hum., prof. \u2013 526-48-48<br \/>\nStefan Sawicki, dr hab. n. hum., prof. &#8211; 741-22-29<br \/>\nZbigniew Strza\u0142kowski, mgr hist. szt., plastyk \u2013 525-43-86<br \/>\nKs. Jerzy Szymik, dr hab. teol., prof.<br \/>\nJerzy \u015awi\u0119ch, dr n. hum., prof. \u2013 525-43-96<br \/>\nJ\u00f3zef Zi\u0119ba, dr n. hum. \u2013 527-57-18<br \/>\nWaldemar \u017belazny \u2013 744-18-36<\/p>\n<p>Cz\u0142onkowie mieszkaj\u0105cy za granic\u0105:<br \/>\nAdam Fiala (Australia)<br \/>\nKs. Andrzej Wierci\u0144ski, dr fil. (Niemcy)<\/p>\n<p>Kandydaci: Bernard Nowak<br \/>\nStanis\u0142aw \u017burek<\/p>\n<p>Oddzia\u0142 jest otwarty dla nowych cz\u0142onk\u00f3w. Warunkiem jest nawi\u0105zanie kontaktu z jego Zarz\u0105dem, z\u0142o\u017cenie publikacji ksi\u0105\u017ckowych i podania o przyj\u0119cie (adresowanego do Zarz\u0105du G\u0142\u00f3wnego). Podania i publikacje, po zaopiniowaniu przez dwu cz\u0142onk\u00f3w Oddzia\u0142u, s\u0105 przekazywane do Komisji Kwalifikacyjnej przy Zarz\u0105dzie G\u0142\u00f3wnym SPP, kt\u00f3ry przyjmuje nowych cz\u0142onk\u00f3w na podstawie wniosk\u00f3w Komisji.<\/p>\n<p>Formy dzia\u0142alno\u015bci:<\/p>\n<p>W latach 1991 \u2013 1995 Oddzia\u0142 Lubelski SPP organizowa\u0142 w Kazimierzu Dolnym, w Domu Pracy Tw\u00f3rczej KUL, trzydniowe og\u00f3lnopolskie spotkania pisarzy, z referatami i dyskusj\u0105. Odby\u0142o si\u0119 pi\u0119\u0107 takich spotka\u0144 (po roku 1996 jeszcze dwa, zorganizowane przez Zarz\u0105d G\u0142\u00f3wny SPP). Od roku 1991 pod patronatem L.O. SPP odbywaj\u0105 si\u0119 coroczne konkursy dla m\u0142odych poet\u00f3w (nie zrzeszonych), w kt\u00f3rych nagrod\u0105 jest publikacja ksi\u0105\u017ckowa nagrodzonego zestawu wierszy. Ponadto od roku 1992 L.O. SPP przej\u0105\u0142 patronat nad konkursami dla autor\u00f3w zwi\u0105zanych z Lublinem i Lubelszczyzn\u0105 (niezale\u017cnie od ich przynale\u017cno\u015bci do stowarzysze\u0144 tw\u00f3rczych); jest to dla poet\u00f3w konkurs im. J\u00f3zefa Czechowicza i dla prozaik\u00f3w konkurs im. Boles\u0142awa Prusa.<\/p>\n<p>Od roku 2002 Oddzia\u0142, wsp\u00f3lnie z Muzeum Literackim im. J\u00f3zefa Czechowicza, organizuje w lokalu tego\u017c Muzeum \u201eczwartki literackie\u201d. Pr\u00f3cz tego wieczory autorskie naszych cz\u0142onk\u00f3w i promocje ich ksi\u0105\u017cek odbywaj\u0105 si\u0119 w Bibliotece Wojew\u00f3dzkiej im. Hieronima \u0141opaci\u0144skiego, a sporadycznie tak\u017ce w innych miejscach, jak np. w salach Muzeum Lubelskiego na Zamku.<\/p>\n<p>Brakuje nam spotka\u0144 z m\u0142odzie\u017c\u0105. Wi\u0119kszo\u015b\u0107 naszych cz\u0142onk\u00f3w z ch\u0119ci\u0105 odbywa\u0142aby spotkania w szko\u0142ach (odbywaj\u0105 si\u0119 one na zasadzie wyj\u0105tku), nawet bez wynagrodzenia.<\/p>\n<p>Podstaw\u0105 naszej dzia\u0142alno\u015bci s\u0105 dotacje w\u0142adz samorz\u0105dowych, niestety, bardzo szczup\u0142e.<\/p>\n","protected":false},"excerpt":{"rendered":"","protected":false},"author":18,"featured_media":0,"parent":11538,"menu_order":24,"comment_status":"closed","ping_status":"closed","template":"template-noleft.php","meta":{"_tec_requires_first_save":true,"_crdt_document":"","pgc_sgb_lightbox_settings":"","_EventAllDay":false,"_EventTimezone":"","_EventStartDate":"","_EventEndDate":"","_EventStartDateUTC":"","_EventEndDateUTC":"","_EventShowMap":false,"_EventShowMapLink":false,"_EventURL":"","_EventCost":"","_EventCostDescription":"","_EventCurrencySymbol":"","_EventCurrencyCode":"","_EventCurrencyPosition":"","_EventDateTimeSeparator":"","_EventTimeRangeSeparator":"","_EventOrganizerID":[],"_EventVenueID":[],"_OrganizerEmail":"","_OrganizerPhone":"","_OrganizerWebsite":"","_VenueAddress":"","_VenueCity":"","_VenueCountry":"","_VenueProvince":"","_VenueState":"","_VenueZip":"","_VenuePhone":"","_VenueURL":"","_VenueStateProvince":"","_VenueLat":"","_VenueLng":"","_VenueShowMap":false,"_VenueShowMapLink":false,"_tribe_blocks_recurrence_rules":"","_tribe_blocks_recurrence_description":"","_tribe_blocks_recurrence_exclusions":"","footnotes":""},"class_list":["post-11546","page","type-page","status-publish","hentry"],"publishpress_future_action":{"enabled":false,"date":"2026-05-09 16:59:40","action":"change-status","newStatus":"draft","terms":[],"taxonomy":"","extraData":[]},"publishpress_future_workflow_manual_trigger":{"enabledWorkflows":[]},"_links":{"self":[{"href":"https:\/\/wbp.lublin.pl\/index.php\/wp-json\/wp\/v2\/pages\/11546","targetHints":{"allow":["GET"]}}],"collection":[{"href":"https:\/\/wbp.lublin.pl\/index.php\/wp-json\/wp\/v2\/pages"}],"about":[{"href":"https:\/\/wbp.lublin.pl\/index.php\/wp-json\/wp\/v2\/types\/page"}],"author":[{"embeddable":true,"href":"https:\/\/wbp.lublin.pl\/index.php\/wp-json\/wp\/v2\/users\/18"}],"replies":[{"embeddable":true,"href":"https:\/\/wbp.lublin.pl\/index.php\/wp-json\/wp\/v2\/comments?post=11546"}],"version-history":[{"count":3,"href":"https:\/\/wbp.lublin.pl\/index.php\/wp-json\/wp\/v2\/pages\/11546\/revisions"}],"predecessor-version":[{"id":12744,"href":"https:\/\/wbp.lublin.pl\/index.php\/wp-json\/wp\/v2\/pages\/11546\/revisions\/12744"}],"up":[{"embeddable":true,"href":"https:\/\/wbp.lublin.pl\/index.php\/wp-json\/wp\/v2\/pages\/11538"}],"wp:attachment":[{"href":"https:\/\/wbp.lublin.pl\/index.php\/wp-json\/wp\/v2\/media?parent=11546"}],"curies":[{"name":"wp","href":"https:\/\/api.w.org\/{rel}","templated":true}]}}