{"id":11575,"date":"2018-06-25T00:55:31","date_gmt":"2018-06-24T22:55:31","guid":{"rendered":"https:\/\/wbp.lublin.pl8\/?page_id=11575"},"modified":"2025-11-12T12:41:57","modified_gmt":"2025-11-12T11:41:57","slug":"monitoring-wizyjny-informacja-o-przetwarzaniu-danych-osobowych","status":"publish","type":"page","link":"https:\/\/wbp.lublin.pl\/index.php\/inspektor-ochrony-danych-osobowych\/monitoring-wizyjny-informacja-o-przetwarzaniu-danych-osobowych\/","title":{"rendered":"Monitoring wizyjny &#8211; informacja o przetwarzaniu danych osobowych"},"content":{"rendered":"<p><!--more--><\/p>\n<p><strong>\u00a0<\/strong><strong>\u00a0 \u00a0 \u00a0 \u00a0 \u00a0 \u00a0 \u00a0 \u00a0 \u00a0 \u00a0\u00a0<img loading=\"lazy\" decoding=\"async\" class=\"alignleft\" src=\"https:\/\/wbp.lublin.pl\/wp-content\/uploads\/2025\/11\/kamera.webp\" alt=\"kamera monitoringu\" width=\"150\" height=\"150\" \/><\/strong><\/p>\n<p style=\"text-align: center;\"><strong>KLAUZULA INFORMACYJNA <br \/>DOTYCZ\u0104CA PRZETWARZANIA DANYCH OSOBOWYCH<br \/><\/strong><strong>dla systemu MONITORINGU WIZYJNEGO <br \/><\/strong><strong>stosowanego w Wojew\u00f3dzkiej Bibliotece Publicznej im. Hieronima \u0141opaci\u0144skiego w Lublinie<\/strong><\/p>\n<p>\u00a0<\/p>\n<p>Zgodnie z art. 13 ust. 1 i ust. 2 Rozporz\u0105dzenia Parlamentu Europejskiego i Rady (UE) 2016\/679 z dnia\u00a0 27 kwietnia 2016 r. w sprawie ochrony os\u00f3b fizycznych w zwi\u0105zku z przetwarzaniem danych osobowych i w sprawie swobodnego przep\u0142ywu takich danych oraz uchylenia dyrektywy 95\/46\/WE (og\u00f3lne rozporz\u0105dzenie o ochronie danych zwane RODO<strong>)- <\/strong>(Dz. Urz. UE L z 2016 r. nr 119, s. 1 z p\u00f3\u017an. zm.)\u00a0 informuje si\u0119,\u00a0 \u017ce:<\/p>\n<p><strong>Administrator: <\/strong><\/p>\n<ol>\n<li>Administratorem Pani\/Pana danych osobowych jest:<\/li>\n<\/ol>\n<p><strong>Wojew\u00f3dzka Biblioteka Publiczna im. Hieronima \u0141opaci\u0144skiego w Lublinie<\/strong><\/p>\n<p>z siedzib\u0105: ul. Narutowicza 4, 20-950 Lublin<\/p>\n<p><strong>Inspektor Ochrony Danych:<\/strong><\/p>\n<ol start=\"2\">\n<li>Kontakt z Inspektorem Ochrony Danych- adres poczty elektronicznej e-mail: <strong>iodo@wbp.lublin.pl<\/strong><\/li>\n<\/ol>\n<p><strong>Cel i podstawy przetwarzania: <\/strong><\/p>\n<ol start=\"3\">\n<li><strong>Celem wprowadzenia monitoringu wizyjnego <\/strong><strong>w Bibliotece<\/strong> jest:<\/li>\n<\/ol>\n<ul>\n<li>zapewnienie bezpiecze\u0144stwa pracownikom, u\u017cytkownikom (odbiorcom us\u0142ug Biblioteki) i innych osobom przebywaj\u0105cych na terenie Biblioteki,<\/li>\n<li>ochrona mienia,<\/li>\n<li>ochrona zasob\u00f3w bibliotecznych,<\/li>\n<li>zapewnienie porz\u0105dku publicznego,<\/li>\n<li>ograniczenie zachowa\u0144 niepo\u017c\u0105danych, zagra\u017caj\u0105cych zdrowiu,<\/li>\n<li>ustalenie sprawc\u00f3w czyn\u00f3w nagannych (b\u00f3jki, zniszczenie mienia Biblioteki, kradzie\u017ce),<\/li>\n<li>ochrona przeciwpo\u017carowa i przeciwpowodziowa.<\/li>\n<\/ul>\n<p>Podstaw\u0119 prawn\u0105 wprowadzenia monitoringu wizyjnego stanowi: <strong>art. 6 ust. 1 lit. c) RODO<\/strong> w zwi\u0105zku<br \/>z art. 22 <sup>2 <\/sup>\u00a7 1 ustawy z dnia 26 czerwca 1974 r. Kodeks Pracy;<\/p>\n<p><strong>Odbiorcy danych osobowych:<\/strong><\/p>\n<ol start=\"4\">\n<li>Pani\/Pana dane osobowe mog\u0105 zosta\u0107 przekazane podmiotom uprawnionym do uzyskania danych osobowych na podstawie przepis\u00f3w prawa.<\/li>\n<\/ol>\n<p><strong>Okres przechowywania danych osobowych:<\/strong><\/p>\n<ol start=\"6\">\n<li><strong><u>Urz\u0105dzenia systemu monitoringu wizyjnego nie rejestruj\u0105 i nie zapisuj\u0105 d\u017awi\u0119ku. <\/u><\/strong>Maksymalny okres przechowywania danych zale\u017cny jest od pojemno\u015bci stosowanego no\u015bnika oraz mo\u017cliwo\u015bci technicznych systemu monitoringu (tj. <strong>czas przechowywania ograniczony do minimum<br \/>i nieprzekraczaj\u0105cy 3 miesi\u0119cy od dnia nagrania)<\/strong>. Po up\u0142ywie czasu przechowywania dane s\u0105 kasowane poprzez nadpisanie.<\/li>\n<\/ol>\n<p><strong>Prawa os\u00f3b, kt\u00f3rych dane dotycz\u0105:<\/strong><\/p>\n<ol start=\"7\">\n<li>Osoba zarejestrowana przez system monitoringu ma prawo \u017c\u0105dania od Administratora, dost\u0119pu do danych oraz ograniczenia przetwarzania (Rozdzia\u0142 III RODO- Prawa osoby, kt\u00f3rej dane dotycz\u0105);<\/li>\n<li>Osobie zarejestrowanej przez system monitoringu przys\u0142uguje prawo wniesienia skargi do organu nadzorczego- Prezesa Urz\u0119du Ochrony Danych Osobowych.<\/li>\n<li>Ponadto informuj\u0119, i\u017c w zwi\u0105zku z przetwarzaniem Pani\/Pana danych osobowych nie podlega Pani\/Pan decyzjom, kt\u00f3re opieraj\u0105 si\u0119 wy\u0142\u0105cznie na zautomatyzowanym przetwarzaniu, w tym profilowaniu, o czym stanowi art. 22 RODO.<\/li>\n<\/ol>\n<p><strong>\u00a0<\/strong><\/p>\n<p>I<\/p>\n\n\n<p class=\"wp-block-paragraph\"><\/p>\n","protected":false},"excerpt":{"rendered":"","protected":false},"author":18,"featured_media":0,"parent":11572,"menu_order":40,"comment_status":"closed","ping_status":"closed","template":"template-fullwidth.php","meta":{"_tec_requires_first_save":true,"_crdt_document":"","pgc_sgb_lightbox_settings":"","_EventAllDay":false,"_EventTimezone":"","_EventStartDate":"","_EventEndDate":"","_EventStartDateUTC":"","_EventEndDateUTC":"","_EventShowMap":false,"_EventShowMapLink":false,"_EventURL":"","_EventCost":"","_EventCostDescription":"","_EventCurrencySymbol":"","_EventCurrencyCode":"","_EventCurrencyPosition":"","_EventDateTimeSeparator":"","_EventTimeRangeSeparator":"","_EventOrganizerID":[],"_EventVenueID":[],"_OrganizerEmail":"","_OrganizerPhone":"","_OrganizerWebsite":"","_VenueAddress":"","_VenueCity":"","_VenueCountry":"","_VenueProvince":"","_VenueState":"","_VenueZip":"","_VenuePhone":"","_VenueURL":"","_VenueStateProvince":"","_VenueLat":"","_VenueLng":"","_VenueShowMap":false,"_VenueShowMapLink":false,"_tribe_blocks_recurrence_rules":"","_tribe_blocks_recurrence_description":"","_tribe_blocks_recurrence_exclusions":"","footnotes":""},"class_list":["post-11575","page","type-page","status-publish","hentry"],"publishpress_future_action":{"enabled":false,"date":"2026-04-16 13:26:49","action":"change-status","newStatus":"draft","terms":[],"taxonomy":"","extraData":[]},"publishpress_future_workflow_manual_trigger":{"enabledWorkflows":[]},"_links":{"self":[{"href":"https:\/\/wbp.lublin.pl\/index.php\/wp-json\/wp\/v2\/pages\/11575","targetHints":{"allow":["GET"]}}],"collection":[{"href":"https:\/\/wbp.lublin.pl\/index.php\/wp-json\/wp\/v2\/pages"}],"about":[{"href":"https:\/\/wbp.lublin.pl\/index.php\/wp-json\/wp\/v2\/types\/page"}],"author":[{"embeddable":true,"href":"https:\/\/wbp.lublin.pl\/index.php\/wp-json\/wp\/v2\/users\/18"}],"replies":[{"embeddable":true,"href":"https:\/\/wbp.lublin.pl\/index.php\/wp-json\/wp\/v2\/comments?post=11575"}],"version-history":[{"count":12,"href":"https:\/\/wbp.lublin.pl\/index.php\/wp-json\/wp\/v2\/pages\/11575\/revisions"}],"predecessor-version":[{"id":75777,"href":"https:\/\/wbp.lublin.pl\/index.php\/wp-json\/wp\/v2\/pages\/11575\/revisions\/75777"}],"up":[{"embeddable":true,"href":"https:\/\/wbp.lublin.pl\/index.php\/wp-json\/wp\/v2\/pages\/11572"}],"wp:attachment":[{"href":"https:\/\/wbp.lublin.pl\/index.php\/wp-json\/wp\/v2\/media?parent=11575"}],"curies":[{"name":"wp","href":"https:\/\/api.w.org\/{rel}","templated":true}]}}