{"id":28801,"date":"2021-03-25T09:53:23","date_gmt":"2021-03-25T08:53:23","guid":{"rendered":"https:\/\/wbp.lublin.pl\/?page_id=28801"},"modified":"2022-02-17T13:34:10","modified_gmt":"2022-02-17T12:34:10","slug":"o-dostrzegaczu","status":"publish","type":"page","link":"https:\/\/wbp.lublin.pl\/index.php\/o-dostrzegaczu\/","title":{"rendered":"Dostrzegacz &#8211; O Dostrzegaczu Bibliotecznym"},"content":{"rendered":"\n<header class=\"entry-header\">\n<h1 class=\"entry-title\">O nas<\/h1>\n<\/header>\n\n\n\n<div class=\"entry-content\">\n<p>\u201eDostrzegacz Biblioteczny\u201d jest pismem informacyjnym Wojew\u00f3dzkiej Biblioteki Publicznej im. Hieronima \u0141opaci\u0144skiego w&nbsp;Lublinie, adresowanym przede wszystkim do bibliotekarzy bibliotek publicznych wojew\u00f3dztwa lubelskiego, ale r\u00f3wnie\u017c pasjonat\u00f3w literatury i szeroko poj\u0119tej dzia\u0142alno\u015bci na rzecz czytelnictwa oraz ksi\u0105\u017cki.<\/p>\n<hr>\n<p>Wydawane jest nieprzerwanie od 1996 roku, od 2013 \u2013 wy\u0142\u0105cznie w wersji elektronicznej.<\/p>\n<hr>\n<p>Kwartalnik tworz\u0105 pracownicy Wojew\u00f3dzkiej Biblioteki Publicznej im. Hieronima \u0141opaci\u0144skiego w Lublinie. Cz\u0119sto jednak na naszych \u0142amach go\u015bcimy zaprzyja\u017anionych bibliotekarzy, pracownik\u00f3w bibliotek wojew\u00f3dztwa lubelskiego, sympatyk\u00f3w WBP oraz Lublina.<\/p>\n<p>Publikujemy interesuj\u0105ce artyku\u0142y dotycz\u0105ce bibliotekarstwa i czytelnictwa, przybli\u017camy sylwetki niebanalnych os\u00f3b lub miejsca warte odwiedzenia, ponadto wywiady, propozycje ksi\u0105\u017ckowe, recenzje, informacje o nadchodz\u0105cych wydarzeniach wartych uwagi. Czyli wszystko to, co ciekawe i wa\u017cne dla naszej spo\u0142eczno\u015bci.<\/p>\n<p>Mamy nadziej\u0119, \u017ce najnowsza forma publikowania periodyku przypadnie do gustu naszym sta\u0142ym Czytelnikom, dotrze do jeszcze wi\u0119kszej liczby odbiorc\u00f3w i zach\u0119ci do wsp\u00f3\u0142pracy wielu z Was. &nbsp;Zapraszamy!<\/p>\n<\/div>\n","protected":false},"excerpt":{"rendered":"<p>O nas \u201eDostrzegacz Biblioteczny\u201d jest pismem informacyjnym Wojew\u00f3dzkiej Biblioteki Publicznej im. Hieronima \u0141opaci\u0144skiego w&nbsp;Lublinie, adresowanym przede wszystkim do bibliotekarzy bibliotek publicznych wojew\u00f3dztwa lubelskiego, ale r\u00f3wnie\u017c pasjonat\u00f3w literatury i szeroko poj\u0119tej [&hellip;]<\/p>\n","protected":false},"author":18,"featured_media":0,"parent":0,"menu_order":76,"comment_status":"closed","ping_status":"closed","template":"","meta":{"_tec_requires_first_save":true,"_crdt_document":"","pgc_sgb_lightbox_settings":"","_EventAllDay":false,"_EventTimezone":"","_EventStartDate":"","_EventEndDate":"","_EventStartDateUTC":"","_EventEndDateUTC":"","_EventShowMap":false,"_EventShowMapLink":false,"_EventURL":"","_EventCost":"","_EventCostDescription":"","_EventCurrencySymbol":"","_EventCurrencyCode":"","_EventCurrencyPosition":"","_EventDateTimeSeparator":"","_EventTimeRangeSeparator":"","_EventOrganizerID":[],"_EventVenueID":[],"_OrganizerEmail":"","_OrganizerPhone":"","_OrganizerWebsite":"","_VenueAddress":"","_VenueCity":"","_VenueCountry":"","_VenueProvince":"","_VenueState":"","_VenueZip":"","_VenuePhone":"","_VenueURL":"","_VenueStateProvince":"","_VenueLat":"","_VenueLng":"","_VenueShowMap":false,"_VenueShowMapLink":false,"_tribe_blocks_recurrence_rules":"","_tribe_blocks_recurrence_description":"","_tribe_blocks_recurrence_exclusions":"","footnotes":""},"class_list":["post-28801","page","type-page","status-publish","hentry"],"publishpress_future_action":{"enabled":false,"date":"2026-04-27 18:12:46","action":"change-status","newStatus":"draft","terms":[],"taxonomy":"","extraData":[]},"publishpress_future_workflow_manual_trigger":{"enabledWorkflows":[]},"_links":{"self":[{"href":"https:\/\/wbp.lublin.pl\/index.php\/wp-json\/wp\/v2\/pages\/28801","targetHints":{"allow":["GET"]}}],"collection":[{"href":"https:\/\/wbp.lublin.pl\/index.php\/wp-json\/wp\/v2\/pages"}],"about":[{"href":"https:\/\/wbp.lublin.pl\/index.php\/wp-json\/wp\/v2\/types\/page"}],"author":[{"embeddable":true,"href":"https:\/\/wbp.lublin.pl\/index.php\/wp-json\/wp\/v2\/users\/18"}],"replies":[{"embeddable":true,"href":"https:\/\/wbp.lublin.pl\/index.php\/wp-json\/wp\/v2\/comments?post=28801"}],"version-history":[{"count":5,"href":"https:\/\/wbp.lublin.pl\/index.php\/wp-json\/wp\/v2\/pages\/28801\/revisions"}],"predecessor-version":[{"id":33042,"href":"https:\/\/wbp.lublin.pl\/index.php\/wp-json\/wp\/v2\/pages\/28801\/revisions\/33042"}],"wp:attachment":[{"href":"https:\/\/wbp.lublin.pl\/index.php\/wp-json\/wp\/v2\/media?parent=28801"}],"curies":[{"name":"wp","href":"https:\/\/api.w.org\/{rel}","templated":true}]}}