{"id":57491,"date":"2024-05-06T13:21:40","date_gmt":"2024-05-06T11:21:40","guid":{"rendered":"https:\/\/wbp.lublin.pl\/?page_id=57491"},"modified":"2024-05-29T09:35:54","modified_gmt":"2024-05-29T07:35:54","slug":"klauzula-informacyjna-dotyczaca-przetwarzania-danychosobowych-dla-uzytkownikow-fanpage-na-facebooku","status":"publish","type":"page","link":"https:\/\/wbp.lublin.pl\/index.php\/inspektor-ochrony-danych-osobowych\/klauzula-informacyjna-dotyczaca-przetwarzania-danychosobowych-dla-uzytkownikow-fanpage-na-facebooku\/","title":{"rendered":"Klauzula informacyjna dotycz\u0105ca przetwarzania danych osobowych dla U\u017cytkownik\u00f3w fanpage na Facebooku"},"content":{"rendered":"\n<!--more-->\n\n\n\n<p class=\"wp-block-paragraph\">Zgodnie z art. 13 rozporz\u0105dzenia Parlamentu Europejskiego i Rady (UE) 2016\/679 dnia 27 kwietnia 2016 r. w sprawie ochrony os\u00f3b fizycznych w zwi\u0105zku z przetwarzaniem danych osobowych i w sprawie swobodnego przep\u0142ywu takich danych oraz uchylenia dyrektywy 95\/46\/WE (og\u00f3lne rozporz\u0105dzenie o ochronie danych) (Dz. Urz. UE L 119 z 04.05.2016, str. 1 z p\u00f3\u017an zm.), zwane dalej \u201eRODO\u201d, informuj\u0119, \u017ce:<\/p>\n\n\n\n<p class=\"wp-block-paragraph\"><strong>Administrator:<\/strong><\/p>\n\n\n\n<ul start=\"1\" class=\"wp-block-list\">\n<li>Administratorem Pani\/Pana danych osobowych jest <strong>Wojew\u00f3dzka Biblioteka Publiczna im. Hieronima \u0141opaci\u0144skiego w Lublinie <\/strong>z siedzib\u0105: ul. Narutowicza 4, 20-950 Lublin<\/li>\n<\/ul>\n\n\n\n<p class=\"wp-block-paragraph\"><strong>Inspektor Ochrony Danych:<\/strong><\/p>\n\n\n\n<ul start=\"2\" class=\"wp-block-list\">\n<li>Kontakt do Inspektora Ochrony Danych &#8211; adres e-mail: <strong><a href=\"mailto:iodo@wbp.lublin.pl\">iodo@wbp.lublin.pl<\/a><\/strong><\/li>\n<\/ul>\n\n\n\n<p class=\"wp-block-paragraph\"><strong>Cel i podstawa przetwarzania:<\/strong><\/p>\n\n\n\n<ul start=\"3\" class=\"wp-block-list\">\n<li>Pani\/Pana dane osobowe b\u0119d\u0105 przetwarzane w celach prowadzenia komunikacji i promocji w ramach fanpage Administratora, w szczeg\u00f3lno\u015bci odpowiedzi na reakcje, komentarze oraz wiadomo\u015bci, a tak\u017ce w celach statystycznych oraz reklamowych realizowanych za po\u015brednictwem narz\u0119dzi dostarczanych przez aplikacj\u0119 Facebook. Pani\/Pana dane b\u0119d\u0105 przetwarzane na podstawie art. 6 ust. 1 lit. f RODO tj. prawnie uzasadnionego interesu Administratora, jakim jest zapewnienie ci\u0105g\u0142o\u015bci komunikacji kulturowej i spo\u0142ecznej, promocji czytelnictwa oraz rozwoju kultury.<\/li>\n<\/ul>\n\n\n\n<p class=\"wp-block-paragraph\"><strong>Odbiorcy danych osobowych:<\/strong><\/p>\n\n\n\n<ul class=\"wp-block-list\">\n<li>Odbiorcami Pani\/Pana danych osobowych mog\u0105 by\u0107 wy\u0142\u0105cznie podmioty, kt\u00f3re uprawnione s\u0105 do ich otrzymania na mocy przepis\u00f3w prawa. Ponadto Pani\/Pana dane s\u0105 udost\u0119pniane Meta Platforms Ireland Limited (informacja szczeg\u00f3\u0142owa poni\u017cej).<\/li>\n<\/ul>\n\n\n\n<p class=\"wp-block-paragraph\"><strong>Okres przechowywania danych osobowych:<\/strong><\/p>\n\n\n\n<ul start=\"5\" class=\"wp-block-list\">\n<li>Pani\/Pana dane osobowe przechowywane do czasu wyra\u017cenia sprzeciwu lub ustania cel\u00f3w przetwarzania.<\/li>\n<\/ul>\n\n\n\n<p class=\"wp-block-paragraph\"><strong>Prawa os\u00f3b, kt\u00f3rych dane dotycz\u0105 (Rozdzia\u0142 III RODO):<\/strong><\/p>\n\n\n\n<ul start=\"6\" class=\"wp-block-list\">\n<li>Posiada Pani\/Pan prawo \u017c\u0105dania dost\u0119pu do swoich danych osobowych, a tak\u017ce ich sprostowania (poprawiania). Przys\u0142uguje Pani\/Panu tak\u017ce prawo do \u017c\u0105dania usuni\u0119cia lub ograniczenia przetwarzania, a tak\u017ce sprzeciwu na przetwarzanie, przy czym przys\u0142uguje ono jedynie w sytuacji, je\u017celi dalsze  przetwarzanie nie jest niezb\u0119dne do wywi\u0105zania si\u0119 przez Administratora z obowi\u0105zku prawnego i nie wyst\u0119puj\u0105 inne nadrz\u0119dne prawne podstawy przetwarzania.<\/li>\n\n\n\n<li>Posiada Pani\/Pan prawo do wniesienia skargi do Prezesa Urz\u0119du Ochrony Danych Osobowych (uodo.gov.pl), gdy uzna Pani\/Pan, \u017ce przetwarzanie danych osobowych Pani\/Pana dotycz\u0105cych narusza przepisy RODO.<\/li>\n<\/ul>\n\n\n\n<p class=\"wp-block-paragraph\"><strong>Informacja o wymogu podania danych osobowych:<\/strong><\/p>\n\n\n\n<ul class=\"wp-block-list\">\n<li>Podanie danych jest dobrowolne i nast\u0119puje poprzez korzystanie z Fanpage Administratora.<\/li>\n<\/ul>\n\n\n\n<p class=\"wp-block-paragraph\"><strong><u>Informacja o wsp\u00f3\u0142administrowaniu danych z Meta Platforms Ireland Limited<\/u><\/strong><\/p>\n\n\n\n<ul start=\"1\" class=\"wp-block-list\">\n<li>Administrator i Meta Platforms Ireland Limited (4 Grand Canal Square, Grand Canal Harbour, Dublin 2 Irlandia) s\u0105 wsp\u00f3lnymi Administratorami Pani\/Pana danych zgodnie z artyku\u0142em 26 RODO w zakresie przetwarzania danych do cel\u00f3w statystycznych oraz reklamowych.<\/li>\n\n\n\n<li>Wsp\u00f3\u0142administrowanie obejmuje zbiorcz\u0105 analiz\u0119 danych w celu wy\u015bwietlania statystyk aktywno\u015bci u\u017cytkownik\u00f3w Fanpage Administratora.<\/li>\n\n\n\n<li>Zakres odpowiedzialno\u015bci Meta Platforms Ireland za przetwarzanie Pani\/Pan danych we wskazanych celach:\n<ul class=\"wp-block-list\">\n<li>posiadanie podstawy prawnej dla przetwarzania danych na potrzeby statystyk strony;<\/li>\n\n\n\n<li>zapewnienie realizacji praw os\u00f3b, kt\u00f3rych dane dotycz\u0105;<\/li>\n\n\n\n<li>zg\u0142aszanie narusze\u0144 do organu nadzorczego oraz zawiadamianie, os\u00f3b kt\u00f3rych dotyczy\u0142o naruszenie o zdarzeniu;<\/li>\n\n\n\n<li>zapewnienie odpowiednich \u015brodk\u00f3w technicznych i organizacyjnych w celu zapewnienia bezpiecze\u0144stwa Pani\/Pana danych.<\/li>\n<\/ul>\n<\/li>\n\n\n\n<li>Zakres odpowiedzialno\u015bci Administratora za przetwarzanie Pani\/Pana danych:\n<ul class=\"wp-block-list\">\n<li>posiadanie podstawy prawnej do przetwarzania danych na potrzeby statystyk;<\/li>\n\n\n\n<li>zrealizowanie obowi\u0105zk\u00f3w informacyjnych w zakresie realizowanych przez Administratora cel\u00f3w przetwarzania.<\/li>\n<\/ul>\n<\/li>\n<\/ul>\n\n\n\n<ul start=\"5\" class=\"wp-block-list\">\n<li>Meta Platforms Ireland udost\u0119pni zasadnicz\u0105 tre\u015b\u0107 za\u0142\u0105cznika dotycz\u0105cego statystyk strony osobom, kt\u00f3rych dotycz\u0105 dane (art. 26 ust. 2 RODO), za po\u015brednictwem danych zawartych w Informacjach o statystykach strony, do kt\u00f3rych dost\u0119p mo\u017cna uzyska\u0107 ze wszystkich stron.<\/li>\n\n\n\n<li>G\u0142\u00f3wnym organem nadzorczym w zakresie wsp\u00f3lnego przetwarzania danych jest irlandzka Komisja ds. ochrony danych (niezale\u017cnie od zapis\u00f3w art. 55 ust. 2 RODO, w stosownych przypadkach).<\/li>\n\n\n\n<li>Szczeg\u00f3\u0142owe informacje dotycz\u0105ce wzajemnych uzgodnie\u0144 pomi\u0119dzy administratorami s\u0105 dost\u0119pne na stronie: <a href=\"https:\/\/www.facebook.com\/legal\/terms\/page_controller_addendum\">https:\/\/www.facebook.com\/legal\/terms\/page_controller_addendum<\/a>.<\/li>\n\n\n\n<li>Zasady przetwarzania Pani\/a danych osobowych przez Meta Platforms Ireland s\u0105 dost\u0119pne na&nbsp; stronie: <a href=\"https:\/\/www.facebook.com\/privacy\/explanation\">https:\/\/www.facebook.com\/privacy\/explanation<\/a>.<\/li>\n<\/ul>\n","protected":false},"excerpt":{"rendered":"","protected":false},"author":18,"featured_media":0,"parent":11572,"menu_order":15,"comment_status":"closed","ping_status":"closed","template":"","meta":{"_tec_requires_first_save":true,"_crdt_document":"","pgc_sgb_lightbox_settings":"","_EventAllDay":false,"_EventTimezone":"","_EventStartDate":"","_EventEndDate":"","_EventStartDateUTC":"","_EventEndDateUTC":"","_EventShowMap":false,"_EventShowMapLink":false,"_EventURL":"","_EventCost":"","_EventCostDescription":"","_EventCurrencySymbol":"","_EventCurrencyCode":"","_EventCurrencyPosition":"","_EventDateTimeSeparator":"","_EventTimeRangeSeparator":"","_EventOrganizerID":[],"_EventVenueID":[],"_OrganizerEmail":"","_OrganizerPhone":"","_OrganizerWebsite":"","_VenueAddress":"","_VenueCity":"","_VenueCountry":"","_VenueProvince":"","_VenueState":"","_VenueZip":"","_VenuePhone":"","_VenueURL":"","_VenueStateProvince":"","_VenueLat":"","_VenueLng":"","_VenueShowMap":false,"_VenueShowMapLink":false,"_tribe_blocks_recurrence_rules":"","_tribe_blocks_recurrence_description":"","_tribe_blocks_recurrence_exclusions":"","footnotes":""},"class_list":["post-57491","page","type-page","status-publish","hentry"],"publishpress_future_action":{"enabled":false,"date":"2026-04-16 13:24:04","action":"change-status","newStatus":"draft","terms":[],"taxonomy":"","extraData":[]},"publishpress_future_workflow_manual_trigger":{"enabledWorkflows":[]},"_links":{"self":[{"href":"https:\/\/wbp.lublin.pl\/index.php\/wp-json\/wp\/v2\/pages\/57491","targetHints":{"allow":["GET"]}}],"collection":[{"href":"https:\/\/wbp.lublin.pl\/index.php\/wp-json\/wp\/v2\/pages"}],"about":[{"href":"https:\/\/wbp.lublin.pl\/index.php\/wp-json\/wp\/v2\/types\/page"}],"author":[{"embeddable":true,"href":"https:\/\/wbp.lublin.pl\/index.php\/wp-json\/wp\/v2\/users\/18"}],"replies":[{"embeddable":true,"href":"https:\/\/wbp.lublin.pl\/index.php\/wp-json\/wp\/v2\/comments?post=57491"}],"version-history":[{"count":7,"href":"https:\/\/wbp.lublin.pl\/index.php\/wp-json\/wp\/v2\/pages\/57491\/revisions"}],"predecessor-version":[{"id":59191,"href":"https:\/\/wbp.lublin.pl\/index.php\/wp-json\/wp\/v2\/pages\/57491\/revisions\/59191"}],"up":[{"embeddable":true,"href":"https:\/\/wbp.lublin.pl\/index.php\/wp-json\/wp\/v2\/pages\/11572"}],"wp:attachment":[{"href":"https:\/\/wbp.lublin.pl\/index.php\/wp-json\/wp\/v2\/media?parent=57491"}],"curies":[{"name":"wp","href":"https:\/\/api.w.org\/{rel}","templated":true}]}}