{"id":6668,"date":"2018-06-19T12:24:12","date_gmt":"2018-06-19T10:24:12","guid":{"rendered":"https:\/\/wbp.lublin.pl8\/?page_id=6668"},"modified":"2024-03-13T08:16:28","modified_gmt":"2024-03-13T07:16:28","slug":"nadzor-merytoryczny-instruktaz-metodyczny","status":"publish","type":"page","link":"https:\/\/wbp.lublin.pl\/index.php\/nadzor-merytoryczny-instruktaz-metodyczny\/","title":{"rendered":"Wsparcie instrukcyjno-metodyczne"},"content":{"rendered":"<p><strong>Dzia\u0142 Instrukcyjno-Metodyczny<\/strong><\/p>\n<p><strong>Lokalizacja:<\/strong><br \/>\nII p., p\u00f3\u0142nocna oficyna Biblioteki<\/p>\n<p><strong>GODZINY PRACY:<br \/>\n<\/strong>poniedzia\u0142ek &#8211; pi\u0105tek w godz. 7:30-15:30<\/p>\n<p><strong>KONTAKT:<\/strong><br \/>\nul. Narutowicza 4, 20-950 Lublin<strong><br \/>\n<\/strong><strong>tel<\/strong><strong>.<\/strong> <a href=\"tel:815287420\">81-52-87-420<\/a>, <a href=\"tel:815287421\">81-52-87-421<\/a>, <a href=\"tel:815287422\">81-52-87-422<\/a><br \/>\n<strong>E-MAIL<\/strong>:<\/p>\n<p><!-- [if gte mso 9]><xml>     Normal   0   21         false   false   false                             MicrosoftInternetExplorer4   <\/xml><![endif]--><\/p>\n<div><b>Dzia\u0142 Instrukcyjno-Metodyczny: <\/b><\/div>\n<p>\u00b7 sprawuje opiek\u0119 merytoryczn\u0105 nad bibliotekami publicznymi wojew\u00f3dztwa lubelskiego w zakresie zak\u0142adania i organizacji bibliotek, kszta\u0142towania zbior\u00f3w, komputeryzacji bibliotek, prowadzenia dokumentacji bibliotecznej oraz upowszechniania czytelnictwa;<\/p>\n<p>\u00b7 s\u0142u\u017cy pomoc\u0105 w realizacji zada\u0144 statutowych;<\/p>\n<p>\u00b7 wsp\u00f3\u0142pracuje z jednostkami samorz\u0105du terytorialnego w zakresie funkcjonowania bibliotek publicznych;<\/p>\n<p>\u00b7 prowadzi dzia\u0142ania interwencyjne oraz opiniuje wnioski odno\u015bnie \u0142\u0105czenia lub likwidacji plac\u00f3wek;<\/p>\n<p>\u00b7 informuje o aktualnych zmianach w przepisach prawa dotycz\u0105cych bibliotek;<\/p>\n<p>\u00b7 realizuje i pilotuje zalecenia i analizy MKiDN oraz Biblioteki Narodowej;<\/p>\n<p>\u00b7 koordynuje og\u00f3lnopolskie programy i projekty skierowane do bibliotek publicznych jak np.: Program Rozwoju Bibliotek, Biblioteka+, Dyskusyjne Kluby Ksi\u0105\u017cki i in.;<\/p>\n<p>\u00b7 prowadzi wojew\u00f3dzk\u0105 informacj\u0119 statystyczn\u0105 i analityczn\u0105 dotycz\u0105c\u0105 bibliotek i czytelnictwa;<\/p>\n<p>\u00b7 organizuje doskonalenia zawodowe w formie szkole\u0144, warsztat\u00f3w, kurs\u00f3w, seminari\u00f3w i konferencji dla bibliotekarzy;<\/p>\n<p>\u00b7 organizuje konkursy, przygotowuje i pilotuje wystawy objazdowe oraz proponuje r\u00f3\u017cne formy rozwijaj\u0105ce czytelnictwo;<\/p>\n<p>\u00b7 analizuje dzia\u0142alno\u015b\u0107 i organizacj\u0119 bibliotek, zainteresowania i potrzeby czytelnicze oraz przedstawia je organizatorom i proponuje zmiany w danym zakresie;<\/p>\n<p>\u00b7 uczestniczy w \u017cyciu kulturalno-o\u015bwiatowym bibliotek publicznych.<\/p>\n","protected":false},"excerpt":{"rendered":"<p>Dzia\u0142 Instrukcyjno-Metodyczny Lokalizacja: II p., p\u00f3\u0142nocna oficyna Biblioteki GODZINY PRACY: poniedzia\u0142ek &#8211; pi\u0105tek w godz. 7:30-15:30 KONTAKT: ul. Narutowicza 4, 20-950 Lublin tel. 81-52-87-420, 81-52-87-421, 81-52-87-422 E-MAIL: Dzia\u0142 Instrukcyjno-Metodyczny: \u00b7 [&hellip;]<\/p>\n","protected":false},"author":18,"featured_media":0,"parent":0,"menu_order":117,"comment_status":"closed","ping_status":"closed","template":"","meta":{"_tec_requires_first_save":true,"_crdt_document":"","pgc_sgb_lightbox_settings":"","_EventAllDay":false,"_EventTimezone":"","_EventStartDate":"","_EventEndDate":"","_EventStartDateUTC":"","_EventEndDateUTC":"","_EventShowMap":false,"_EventShowMapLink":false,"_EventURL":"","_EventCost":"","_EventCostDescription":"","_EventCurrencySymbol":"","_EventCurrencyCode":"","_EventCurrencyPosition":"","_EventDateTimeSeparator":"","_EventTimeRangeSeparator":"","_EventOrganizerID":[],"_EventVenueID":[],"_OrganizerEmail":"","_OrganizerPhone":"","_OrganizerWebsite":"","_VenueAddress":"","_VenueCity":"","_VenueCountry":"","_VenueProvince":"","_VenueState":"","_VenueZip":"","_VenuePhone":"","_VenueURL":"","_VenueStateProvince":"","_VenueLat":"","_VenueLng":"","_VenueShowMap":false,"_VenueShowMapLink":false,"_tribe_blocks_recurrence_rules":"","_tribe_blocks_recurrence_description":"","_tribe_blocks_recurrence_exclusions":"","footnotes":""},"class_list":["post-6668","page","type-page","status-publish","hentry"],"publishpress_future_action":{"enabled":false,"date":"2026-05-06 02:16:18","action":"change-status","newStatus":"draft","terms":[],"taxonomy":"","extraData":[]},"publishpress_future_workflow_manual_trigger":{"enabledWorkflows":[]},"_links":{"self":[{"href":"https:\/\/wbp.lublin.pl\/index.php\/wp-json\/wp\/v2\/pages\/6668","targetHints":{"allow":["GET"]}}],"collection":[{"href":"https:\/\/wbp.lublin.pl\/index.php\/wp-json\/wp\/v2\/pages"}],"about":[{"href":"https:\/\/wbp.lublin.pl\/index.php\/wp-json\/wp\/v2\/types\/page"}],"author":[{"embeddable":true,"href":"https:\/\/wbp.lublin.pl\/index.php\/wp-json\/wp\/v2\/users\/18"}],"replies":[{"embeddable":true,"href":"https:\/\/wbp.lublin.pl\/index.php\/wp-json\/wp\/v2\/comments?post=6668"}],"version-history":[{"count":6,"href":"https:\/\/wbp.lublin.pl\/index.php\/wp-json\/wp\/v2\/pages\/6668\/revisions"}],"predecessor-version":[{"id":55274,"href":"https:\/\/wbp.lublin.pl\/index.php\/wp-json\/wp\/v2\/pages\/6668\/revisions\/55274"}],"wp:attachment":[{"href":"https:\/\/wbp.lublin.pl\/index.php\/wp-json\/wp\/v2\/media?parent=6668"}],"curies":[{"name":"wp","href":"https:\/\/api.w.org\/{rel}","templated":true}]}}