{"id":6680,"date":"2018-06-19T12:29:51","date_gmt":"2018-06-19T10:29:51","guid":{"rendered":"https:\/\/wbp.lublin.pl8\/?page_id=6680"},"modified":"2025-10-01T11:50:31","modified_gmt":"2025-10-01T09:50:31","slug":"nszz-solidarnosc","status":"publish","type":"page","link":"https:\/\/wbp.lublin.pl\/index.php\/nszz-solidarnosc\/","title":{"rendered":"Organizacja Mi\u0119dzyzak\u0142adowa NSZZ \u201eSolidarno\u015b\u0107\u201d Pracownik\u00f3w Bibliotek Publicznych przy Wojew\u00f3dzkiej Bibliotece Publicznej im. Hieronima \u0141opaci\u0144skiego w Lublinie"},"content":{"rendered":"\n<!--more-->\n\n\n\n<p class=\"wp-block-paragraph\"><strong>Kontakt:<\/strong><br>ul. Narutowicza 4<br>20-950 Lublin<\/p>\n\n\n\n<p class=\"wp-block-paragraph\"><strong>Tel:<\/strong><br><a href=\"tel:815287416\">81-52-87-424<\/a> \u2013 przewodnicz\u0105ca<\/p>\n\n\n\n<p class=\"wp-block-paragraph\"><a href=\"tel:815287417\" data-type=\"tel\" data-id=\"tel:815287417\">81-52-87-417<\/a> \u2013 wiceprzewodnicz\u0105cy<\/p>\n\n\n\n<p class=\"wp-block-paragraph\"><a href=\"tel:815287416\">81-52-87-448<\/a> \u2013 sekretarz<\/p>\n\n\n\n<p class=\"wp-block-paragraph\"><a href=\"tel:815287420\">81-52-87-420<\/a> \u2013 skarbnik<\/p>\n\n\n\n<p class=\"wp-block-paragraph\"><strong>Zrzesza cz\u0142onk\u00f3w Zwi\u0105zku pracuj\u0105cych w nast\u0119puj\u0105cych bibliotekach<br>samorz\u0105dowych wojew\u00f3dztwa lubelskiego:<\/strong><\/p>\n\n\n\n<ul class=\"wp-block-list\">\n<li>Wojew\u00f3dzka Biblioteka Publiczna im. Hieronima \u0141opaci\u0144skiego w<\/li>\n\n\n\n<li>Lublinie,<\/li>\n\n\n\n<li>Miejsko-Powiatowa Biblioteka Publiczna im. Anny Kamie\u0144skiej w \u015awidniku.<\/li>\n<\/ul>\n\n\n\n<p class=\"wp-block-paragraph\">Na walnym zebraniu cz\u0142onk\u00f3w w dniu 8 grudnia 2022 r. dokonano wyboru<br>w\u0142adz na kadencj\u0119 2023-2028.<\/p>\n\n\n\n<p class=\"wp-block-paragraph\"><strong>MI\u0118DZYZAK\u0141ADOWA KOMISJA:<\/strong><\/p>\n\n\n\n<p class=\"wp-block-paragraph\">Justyna Kasperczuk \u2013 przewodnicz\u0105ca<br>Krzysztof Chachaj \u2013 wiceprzewodnicz\u0105cy<br>Denisa Kotwis \u2013 sekretarz<br>Lidia G\u0142\u0119bicka \u2013 skarbnik<br>Ma\u0142gorzata \u015acirka \u2013 cz\u0142onek MK<\/p>\n\n\n\n<p class=\"wp-block-paragraph\"><strong>MI\u0118DZYZAK\u0141ADOWA KOMISJA REWIZYJNA:<\/strong><\/p>\n\n\n\n<p class=\"wp-block-paragraph\">Magdalena Anto\u0144czak<br>Joanna Swacha-Broda<\/p>\n\n\n\n<p class=\"wp-block-paragraph\"><\/p>\n","protected":false},"excerpt":{"rendered":"","protected":false},"author":18,"featured_media":93,"parent":0,"menu_order":114,"comment_status":"closed","ping_status":"closed","template":"","meta":{"_tec_requires_first_save":true,"_crdt_document":"","pgc_sgb_lightbox_settings":"","_EventAllDay":false,"_EventTimezone":"","_EventStartDate":"","_EventEndDate":"","_EventStartDateUTC":"","_EventEndDateUTC":"","_EventShowMap":false,"_EventShowMapLink":false,"_EventURL":"","_EventCost":"","_EventCostDescription":"","_EventCurrencySymbol":"","_EventCurrencyCode":"","_EventCurrencyPosition":"","_EventDateTimeSeparator":"","_EventTimeRangeSeparator":"","_EventOrganizerID":[],"_EventVenueID":[],"_OrganizerEmail":"","_OrganizerPhone":"","_OrganizerWebsite":"","_VenueAddress":"","_VenueCity":"","_VenueCountry":"","_VenueProvince":"","_VenueState":"","_VenueZip":"","_VenuePhone":"","_VenueURL":"","_VenueStateProvince":"","_VenueLat":"","_VenueLng":"","_VenueShowMap":false,"_VenueShowMapLink":false,"_tribe_blocks_recurrence_rules":"","_tribe_blocks_recurrence_description":"","_tribe_blocks_recurrence_exclusions":"","footnotes":""},"class_list":["post-6680","page","type-page","status-publish","has-post-thumbnail","hentry"],"publishpress_future_action":{"enabled":false,"date":"2026-05-05 05:21:42","action":"change-status","newStatus":"draft","terms":[],"taxonomy":"","extraData":[]},"publishpress_future_workflow_manual_trigger":{"enabledWorkflows":[]},"_links":{"self":[{"href":"https:\/\/wbp.lublin.pl\/index.php\/wp-json\/wp\/v2\/pages\/6680","targetHints":{"allow":["GET"]}}],"collection":[{"href":"https:\/\/wbp.lublin.pl\/index.php\/wp-json\/wp\/v2\/pages"}],"about":[{"href":"https:\/\/wbp.lublin.pl\/index.php\/wp-json\/wp\/v2\/types\/page"}],"author":[{"embeddable":true,"href":"https:\/\/wbp.lublin.pl\/index.php\/wp-json\/wp\/v2\/users\/18"}],"replies":[{"embeddable":true,"href":"https:\/\/wbp.lublin.pl\/index.php\/wp-json\/wp\/v2\/comments?post=6680"}],"version-history":[{"count":15,"href":"https:\/\/wbp.lublin.pl\/index.php\/wp-json\/wp\/v2\/pages\/6680\/revisions"}],"predecessor-version":[{"id":74176,"href":"https:\/\/wbp.lublin.pl\/index.php\/wp-json\/wp\/v2\/pages\/6680\/revisions\/74176"}],"wp:featuredmedia":[{"embeddable":true,"href":"https:\/\/wbp.lublin.pl\/index.php\/wp-json\/wp\/v2\/media\/93"}],"wp:attachment":[{"href":"https:\/\/wbp.lublin.pl\/index.php\/wp-json\/wp\/v2\/media?parent=6680"}],"curies":[{"name":"wp","href":"https:\/\/api.w.org\/{rel}","templated":true}]}}

Organizacja Międzyzakładowa NSZZ „Solidarność” Pracowników Bibliotek Publicznych przy Wojewódzkiej Bibliotece Publicznej im. Hieronima Łopacińskiego w Lublinie

<!--more-->



<p class="wp-block-paragraph"><strong>Kontakt:</strong><br>ul. Narutowicza 4<br>20-950 Lublin</p>



<p class="wp-block-paragraph"><strong>Tel:</strong><br><a href="tel:815287416">81-52-87-424</a> – przewodnicząca</p>



<p class="wp-block-paragraph"><a href="tel:815287417" data-type="tel" data-id="tel:815287417">81-52-87-417</a> – wiceprzewodniczący</p>



<p class="wp-block-paragraph"><a href="tel:815287416">81-52-87-448</a> – sekretarz</p>



<p class="wp-block-paragraph"><a href="tel:815287420">81-52-87-420</a> – skarbnik</p>



<p class="wp-block-paragraph"><strong>Zrzesza członków Związku pracujących w następujących bibliotekach<br>samorządowych województwa lubelskiego:</strong></p>



<ul class="wp-block-list">
<li>Wojewódzka Biblioteka Publiczna im. Hieronima Łopacińskiego w</li>



<li>Lublinie,</li>



<li>Miejsko-Powiatowa Biblioteka Publiczna im. Anny Kamieńskiej w Świdniku.</li>
</ul>



<p class="wp-block-paragraph">Na walnym zebraniu członków w dniu 8 grudnia 2022 r. dokonano wyboru<br>władz na kadencję 2023-2028.</p>



<p class="wp-block-paragraph"><strong>MIĘDZYZAKŁADOWA KOMISJA:</strong></p>



<p class="wp-block-paragraph">Justyna Kasperczuk – przewodnicząca<br>Krzysztof Chachaj – wiceprzewodniczący<br>Denisa Kotwis – sekretarz<br>Lidia Głębicka – skarbnik<br>Małgorzata Ścirka – członek MK</p>



<p class="wp-block-paragraph"><strong>MIĘDZYZAKŁADOWA KOMISJA REWIZYJNA:</strong></p>



<p class="wp-block-paragraph">Magdalena Antończak<br>Joanna Swacha-Broda</p>



<p class="wp-block-paragraph"></p>
