{"id":6776,"date":"2018-06-19T19:49:26","date_gmt":"2018-06-19T17:49:26","guid":{"rendered":"https:\/\/wbp.lublin.pl8\/?page_id=6776"},"modified":"2026-04-28T10:21:25","modified_gmt":"2026-04-28T08:21:25","slug":"zaproponuj-ksiazke","status":"publish","type":"page","link":"https:\/\/wbp.lublin.pl\/index.php\/zaproponuj-ksiazke\/","title":{"rendered":"Zaproponuj ksi\u0105\u017ck\u0119"},"content":{"rendered":"\n<p class=\"has-text-align-center wp-block-paragraph\"><iframe loading=\"lazy\" src=\"https:\/\/forms.gle\/DcHFWiBNXcdxGpFb7?embedded=true\" width=\"100%\" height=\"900\" frameborder=\"0\" marginwidth=\"0\" marginheight=\"0\"><span data-mce-type=\"bookmark\" style=\"display: inline-block; width: 0px; overflow: hidden; line-height: 0;\" class=\"mce_SELRES_start\">\ufeff<\/span><\/iframe><\/p>\n","protected":false},"excerpt":{"rendered":"<p>\ufeff<\/p>\n","protected":false},"author":18,"featured_media":5936,"parent":0,"menu_order":111,"comment_status":"closed","ping_status":"closed","template":"template-fullwidth.php","meta":{"_tec_requires_first_save":true,"_crdt_document":"{\"document\":\"AAAG+JL\/8A48EQgmmgwBJZIBAgECCgJCAQdKAB8oAycABAAnAAQAJwAoBCcAKCcnAAcAKAMnAQQAKAknlA65DXN0YXRldmVyc2lvbmRvY3VtZW50ZGF0ZWRvY3VtZW50c2x1Z2RvY3VtZW50c3RhdHVzZG9jdW1lbnR0aXRsZVphcHJvcG9udWoga3NpxIXFvGvEmWRvY3VtZW50Y29udGVudDwhLS0gd3A6cGFyYWdyYXBoIHsiYWxpZ24iOiJjZW50ZXIifSAtLT4KPHAgY2xhc3M9Imhhcy10ZXh0LWFsaWduLWNlbnRlciI+PGlmcmFtZSBzcmM9Imh0dHBzOi8vZm9ybXMuZ2xlL0RjSEZXaUJOWGNkeEdwRmI3P2VtYmVkZGVkPXRydWUiIHdpZHRoPSIxMDAlIiBoZWlnaHQ9IjkwMCIgZnJhbWVib3JkZXI9IjAiIG1hcmdpbndpZHRoPSIwIiBtYXJnaW5oZWlnaHQ9IjAiPjxzcGFuIGRhdGEtbWNlLXR5cGU9ImJvb2ttYXJrIiBzdHlsZT0iZGlzcGxheTogaW5saW5lLWJsb2NrOyB3aWR0aDogMHB4OyBvdmVyZmxvdzogaGlkZGVuOyBsaW5lLWhlaWdodDogMDsiIGNsYXNzPSJtY2VfU0VMUkVTX3N0YXJ0Ij7vu788L3NwYW4+PC9pZnJhbWU+PC9wPgo8IS0tIC93cDpwYXJhZ3JhcGggLS0+ZG9jdW1lbnRleGNlcnB0ZG9jdW1lbnRhdXRob3Jkb2N1bWVudGZlYXR1cmVkX21lZGlhZG9jdW1lbnRjb21tZW50X3N0YXR1c2RvY3VtZW50cGluZ19zdGF0dXNkb2N1bWVudHRlbXBsYXRlZG9jdW1lbnRtZXRhX3RlY19yZXF1aXJlc19maXJzdF9zYXZlcGdjX3NnYl9saWdodGJveF9zZXR0aW5nc19FdmVudEFsbERheV9FdmVudFRpbWV6b25lX0V2ZW50U3RhcnREYXRlX0V2ZW50RW5kRGF0ZV9FdmVudFN0YXJ0RGF0ZVVUQ19FdmVudEVuZERhdGVVVENfRXZlbnRTaG93TWFwX0V2ZW50U2hvd01hcExpbmtfRXZlbnRVUkxfRXZlbnRDb3N0X0V2ZW50Q29zdERlc2NyaXB0aW9uX0V2ZW50Q3VycmVuY3lTeW1ib2xfRXZlbnRDdXJyZW5jeUNvZGVfRXZlbnRDdXJyZW5jeVBvc2l0aW9uX0V2ZW50RGF0ZVRpbWVTZXBhcmF0b3JfRXZlbnRUaW1lUmFuZ2VTZXBhcmF0b3JfRXZlbnRPcmdhbml6ZXJJRF9FdmVudFZlbnVlSURfT3JnYW5pemVyRW1haWxfT3JnYW5pemVyUGhvbmVfT3JnYW5pemVyV2Vic2l0ZV9WZW51ZUFkZHJlc3NfVmVudWVDaXR5X1ZlbnVlQ291bnRyeV9WZW51ZVByb3ZpbmNlX1ZlbnVlU3RhdGVfVmVudWVaaXBfVmVudWVQaG9uZV9WZW51ZVVSTF9WZW51ZVN0YXRlUHJvdmluY2VfVmVudWVMYXRfVmVudWVMbmdfVmVudWVTaG93TWFwX1ZlbnVlU2hvd01hcExpbmtfdHJpYmVfYmxvY2tzX3JlY3VycmVuY2VfcnVsZXNfdHJpYmVfYmxvY2tzX3JlY3VycmVuY2VfZGVzY3JpcHRpb25fdHJpYmVfYmxvY2tzX3JlY3VycmVuY2VfZXhjbHVzaW9uc2Zvb3Rub3Rlc2RvY3VtZW50YmxvY2tzY2xpZW50SWRpc1ZhbGlkb3JpZ2luYWxDb250ZW50bmFtZWF0dHJpYnV0ZXNjb250ZW50PGlmcmFtZSBzcmM9Imh0dHBzOi8vZm9ybXMuZ2xlL0RjSEZXaUJOWGNkeEdwRmI3P2VtYmVkZGVkPXRydWUiIHdpZHRoPSIxMDAlIiBoZWlnaHQ9IjkwMCIgZnJhbWVib3JkZXI9IjAiIG1hcmdpbndpZHRoPSIwIiBtYXJnaW5oZWlnaHQ9IjAiPjxzcGFuIGRhdGEtbWNlLXR5cGU9ImJvb2ttYXJrIiBzdHlsZT0iZGlzcGxheTogaW5saW5lLWJsb2NrOyB3aWR0aDogMHB4OyBvdmVyZmxvdzogaGlkZGVuOyBsaW5lLWhlaWdodDogMDsiIGNsYXNzPSJtY2VfU0VMUkVTX3N0YXJ0Ij7vu788L3NwYW4+PC9pZnJhbWU+ZHJvcENhcHBsYWNlaG9sZGVydGV4dENvbG9yYmFja2dyb3VuZENvbG9yZm9udFNpemVkaXJlY3Rpb25zdHlsZWxvY2tjbGFzc05hbWVtZXRhZGF0YWlubmVyQmxvY2tzBQcIBAgECAYIBRIIB4YGCAcIBggOCA4IC0gBBBgZDA4PDRIQDREJChUUEhYXGBENTwARDQoNDgsJCwkTSQANER4kIwkIBggHDwQKB6EEBwsJDwgJBQQJCAsPAQQAAAEAAAABBgAnAQAACEIBAQBBAAIAAkE9AUsAfQF3EzIwMTgtMDYtMTlUMTk6NDk6MjZ3EnphcHJvcG9udWota3NpYXprZXcHcHVibGlzaH0SfbBcdwZjbG9zZWR3BmNsb3NlZHcWdGVtcGxhdGUtZnVsbHdpZHRoLnBocHh3AHl3AHcAdwB3AHcAeXl3AHcAdwB3AHcAdwB3AHcAdQB1AHcAdwB3AHcAdwB3AHcAdwB3AHcAdwB3AHcAdwB5eXcAdwB3AHcAdyQ5OWI4MjA1NC0yNjI4LTQ5YWMtYWViZS1iMWQ5Y2ZiYzJiODB4d8gCPHAgY2xhc3M9Imhhcy10ZXh0LWFsaWduLWNlbnRlciI+PGlmcmFtZSBzcmM9Imh0dHBzOi8vZm9ybXMuZ2xlL0RjSEZXaUJOWGNkeEdwRmI3P2VtYmVkZGVkPXRydWUiIHdpZHRoPSIxMDAlIiBoZWlnaHQ9IjkwMCIgZnJhbWVib3JkZXI9IjAiIG1hcmdpbndpZHRoPSIwIiBtYXJnaW5oZWlnaHQ9IjAiPjxzcGFuIGRhdGEtbWNlLXR5cGU9ImJvb2ttYXJrIiBzdHlsZT0iZGlzcGxheTogaW5saW5lLWJsb2NrOyB3aWR0aDogMHB4OyBvdmVyZmxvdzogaGlkZGVuOyBsaW5lLWhlaWdodDogMDsiIGNsYXNzPSJtY2VfU0VMUkVTX3N0YXJ0Ij7vu788L3NwYW4+PC9pZnJhbWU+PC9wPncOY29yZS9wYXJhZ3JhcGh5f39\/f392AQp0eXBvZ3JhcGh5dgEJdGV4dEFsaWdudwZjZW50ZXJ\/f38A\",\"updateId\":536686138}","pgc_sgb_lightbox_settings":"","_EventAllDay":false,"_EventTimezone":"","_EventStartDate":"","_EventEndDate":"","_EventStartDateUTC":"","_EventEndDateUTC":"","_EventShowMap":false,"_EventShowMapLink":false,"_EventURL":"","_EventCost":"","_EventCostDescription":"","_EventCurrencySymbol":"","_EventCurrencyCode":"","_EventCurrencyPosition":"","_EventDateTimeSeparator":"","_EventTimeRangeSeparator":"","_EventOrganizerID":[],"_EventVenueID":[],"_OrganizerEmail":"","_OrganizerPhone":"","_OrganizerWebsite":"","_VenueAddress":"","_VenueCity":"","_VenueCountry":"","_VenueProvince":"","_VenueState":"","_VenueZip":"","_VenuePhone":"","_VenueURL":"","_VenueStateProvince":"","_VenueLat":"","_VenueLng":"","_VenueShowMap":false,"_VenueShowMapLink":false,"_tribe_blocks_recurrence_rules":"","_tribe_blocks_recurrence_description":"","_tribe_blocks_recurrence_exclusions":"","footnotes":""},"class_list":["post-6776","page","type-page","status-publish","has-post-thumbnail","hentry"],"publishpress_future_action":{"enabled":false,"date":"2026-05-09 04:59:19","action":"change-status","newStatus":"draft","terms":[],"taxonomy":"","extraData":[]},"publishpress_future_workflow_manual_trigger":{"enabledWorkflows":[]},"_links":{"self":[{"href":"https:\/\/wbp.lublin.pl\/index.php\/wp-json\/wp\/v2\/pages\/6776","targetHints":{"allow":["GET"]}}],"collection":[{"href":"https:\/\/wbp.lublin.pl\/index.php\/wp-json\/wp\/v2\/pages"}],"about":[{"href":"https:\/\/wbp.lublin.pl\/index.php\/wp-json\/wp\/v2\/types\/page"}],"author":[{"embeddable":true,"href":"https:\/\/wbp.lublin.pl\/index.php\/wp-json\/wp\/v2\/users\/18"}],"replies":[{"embeddable":true,"href":"https:\/\/wbp.lublin.pl\/index.php\/wp-json\/wp\/v2\/comments?post=6776"}],"version-history":[{"count":11,"href":"https:\/\/wbp.lublin.pl\/index.php\/wp-json\/wp\/v2\/pages\/6776\/revisions"}],"predecessor-version":[{"id":81985,"href":"https:\/\/wbp.lublin.pl\/index.php\/wp-json\/wp\/v2\/pages\/6776\/revisions\/81985"}],"wp:featuredmedia":[{"embeddable":true,"href":"https:\/\/wbp.lublin.pl\/index.php\/wp-json\/wp\/v2\/media\/5936"}],"wp:attachment":[{"href":"https:\/\/wbp.lublin.pl\/index.php\/wp-json\/wp\/v2\/media?parent=6776"}],"curies":[{"name":"wp","href":"https:\/\/api.w.org\/{rel}","templated":true}]}}