{"id":6794,"date":"2018-06-20T22:53:16","date_gmt":"2018-06-20T20:53:16","guid":{"rendered":"https:\/\/wbp.lublin.pl8\/?page_id=6794"},"modified":"2026-02-04T10:48:30","modified_gmt":"2026-02-04T09:48:30","slug":"katalogi-i-bazy-danych","status":"publish","type":"page","link":"https:\/\/wbp.lublin.pl\/index.php\/katalogi-i-bazy-danych\/","title":{"rendered":"Katalogi i bazy danych"},"content":{"rendered":"\n<!--more-->\n\n\n\n<div class=\"wp-block-buttons has-custom-font-size has-medium-font-size is-vertical is-content-justification-center is-layout-flex wp-container-core-buttons-is-layout-569b4b61 wp-block-buttons-is-layout-flex\">\n<div class=\"wp-block-button has-custom-width wp-block-button__width-100 is-style-outline is-style-outline--1\"><a class=\"wp-block-button__link wp-element-button\" href=\"https:\/\/bn-mpl.primo.exlibrisgroup.com\/discovery\/search?vid=48OMNIS_MPL:48OMNIS_MPL&amp;lang=pl\"><strong>Katalog komputerowy online<\/strong><\/a><\/div>\n<\/div>\n\n\n\n<p class=\"has-text-align-left wp-block-paragraph\">Obejmuje:<\/p>\n\n\n\n<ul class=\"wp-block-list\">\n<li>ksi\u0119gozbi\u00f3r Wypo\u017cyczalni;<\/li>\n\n\n\n<li>ksi\u0119gozbi\u00f3r udost\u0119pniany w Czytelni Naukowej:\n<ul class=\"wp-block-list\">\n<li>wszystkie ksi\u0105\u017cki wprowadzone do zbior\u00f3w po 1980 r.<\/li>\n\n\n\n<li>&#8211; ksi\u0105\u017cki wprowadzone do zbior\u00f3w przed 1980 r. (nie wszystkie)<\/li>\n\n\n\n<li>&#8211; czasopisma (nie wszystkie).<\/li>\n<\/ul>\n<\/li>\n\n\n\n<li>ksi\u0119gozbiory podr\u0119czne dzia\u0142\u00f3w Biblioteki.<\/li>\n<\/ul>\n\n\n\n<div style=\"height:30px\" aria-hidden=\"true\" class=\"wp-block-spacer\"><\/div>\n\n\n\n<div class=\"wp-block-buttons has-custom-font-size has-medium-font-size is-vertical is-content-justification-center is-layout-flex wp-container-core-buttons-is-layout-569b4b61 wp-block-buttons-is-layout-flex\">\n<div class=\"wp-block-button has-custom-width wp-block-button__width-100 is-style-outline is-style-outline--2\"><a class=\"wp-block-button__link has-text-align-center wp-element-button\" href=\"https:\/\/bc.wbp.lublin.pl\/dlibra\"><strong>Biblioteka Cyfrowa WBP<\/strong><\/a><\/div>\n\n\n\n<div class=\"wp-block-button has-custom-width wp-block-button__width-100 is-style-outline is-style-outline--3\"><a class=\"wp-block-button__link wp-element-button\" href=\"https:\/\/polona.pl\/public-collections?page=0&amp;size=12&amp;sort=MODIFIED_DATE_ZA\"><strong>Polona<\/strong><\/a><\/div>\n<\/div>\n\n\n\n<div style=\"height:10px\" aria-hidden=\"true\" class=\"wp-block-spacer\"><\/div>\n\n\n\n<div class=\"wp-block-buttons has-custom-font-size has-medium-font-size is-vertical is-content-justification-center is-layout-flex wp-container-core-buttons-is-layout-569b4b61 wp-block-buttons-is-layout-flex\">\n<div class=\"wp-block-button has-custom-width wp-block-button__width-100 is-style-outline is-style-outline--4\"><a class=\"wp-block-button__link wp-element-button\"><strong>Katalog kartkowy<\/strong><\/a><\/div>\n<\/div>\n\n\n\n<p class=\"wp-block-paragraph\">Dost\u0119pny w Sali katalogowej na I p. Biblioteki. Zawiera opisy ksi\u0105\u017cek wprowadzonych do ksi\u0119gozbioru przed 1998 rokiem.<\/p>\n\n\n\n<div style=\"height:30px\" aria-hidden=\"true\" class=\"wp-block-spacer\"><\/div>\n\n\n\n<div class=\"wp-block-buttons has-custom-font-size has-medium-font-size is-vertical is-content-justification-center is-layout-flex wp-container-core-buttons-is-layout-569b4b61 wp-block-buttons-is-layout-flex\">\n<div class=\"wp-block-button has-custom-width wp-block-button__width-100 is-style-outline is-style-outline--5\"><a class=\"wp-block-button__link wp-element-button\"><strong>Katalogi zbior\u00f3w specjalnych<\/strong><\/a><\/div>\n<\/div>\n\n\n\n<p class=\"wp-block-paragraph\">Udost\u0119pniane s\u0105 w Czytelni Zbior\u00f3w Specjalnych i obejmuj\u0105: r\u0119kopisy, stare druki, kartografi\u0119, fotografie, poczt\u00f3wki, grafiki (w tym ekslibrisy), dokumenty \u017cycia spo\u0142ecznego oraz mikrofilmy.<\/p>\n\n\n\n<div style=\"height:30px\" aria-hidden=\"true\" class=\"wp-block-spacer\"><\/div>\n\n\n\n<div class=\"wp-block-buttons has-custom-font-size has-medium-font-size is-vertical is-content-justification-center is-layout-flex wp-container-core-buttons-is-layout-569b4b61 wp-block-buttons-is-layout-flex\">\n<div class=\"wp-block-button has-custom-width wp-block-button__width-100 is-style-outline is-style-outline--6\"><a class=\"wp-block-button__link wp-element-button\" href=\"https:\/\/bn-mpl.primo.exlibrisgroup.com\/discovery\/search?query=tab%3DBibl_Lub&amp;search_scope=BibliografiaLubelszczyzny&amp;vid=48OMNIS_MPL:48OMNIS_MPL&amp;facet=location_code,include,5069%E2%80%93188231980005069%E2%80%9320017&amp;offset=0\"><strong>Bibliografia Lubelszczyzny online<\/strong><\/a><\/div>\n<\/div>\n\n\n\n<p class=\"wp-block-paragraph\">Rejestruje pi\u015bmiennictwo publikowane na terenie kraju, tematycznie dotycz\u0105ce Lubelszczyzny, od 2000 r. do chwili obecnej. Uwzgl\u0119dnia: ksi\u0105\u017cki, czasopisma, artyku\u0142y z czasopism i prac zbiorowych, kartografi\u0119, wa\u017cniejsze dokumenty \u017cycia spo\u0142ecznego, fragmenty bibliograficzne, recenzje ksi\u0105\u017cek i sztuk teatralnych.<\/p>\n\n\n\n<p class=\"has-text-align-center wp-block-paragraph\"><a href=\"https:\/\/wbp.lublin.pl\/index.php\/bibliografia-lubelszczyzny-informacja-o-bazie-danych\/\" target=\"_blank\" rel=\"noreferrer noopener\">WI\u0118CEJ INFORMACJI<\/a><\/p>\n","protected":false},"excerpt":{"rendered":"","protected":false},"author":18,"featured_media":0,"parent":0,"menu_order":109,"comment_status":"closed","ping_status":"closed","template":"","meta":{"_tec_requires_first_save":true,"_crdt_document":"","pgc_sgb_lightbox_settings":"","_EventAllDay":false,"_EventTimezone":"","_EventStartDate":"","_EventEndDate":"","_EventStartDateUTC":"","_EventEndDateUTC":"","_EventShowMap":false,"_EventShowMapLink":false,"_EventURL":"","_EventCost":"","_EventCostDescription":"","_EventCurrencySymbol":"","_EventCurrencyCode":"","_EventCurrencyPosition":"","_EventDateTimeSeparator":"","_EventTimeRangeSeparator":"","_EventOrganizerID":[],"_EventVenueID":[],"_OrganizerEmail":"","_OrganizerPhone":"","_OrganizerWebsite":"","_VenueAddress":"","_VenueCity":"","_VenueCountry":"","_VenueProvince":"","_VenueState":"","_VenueZip":"","_VenuePhone":"","_VenueURL":"","_VenueStateProvince":"","_VenueLat":"","_VenueLng":"","_VenueShowMap":false,"_VenueShowMapLink":false,"_tribe_blocks_recurrence_rules":"","_tribe_blocks_recurrence_description":"","_tribe_blocks_recurrence_exclusions":"","footnotes":""},"class_list":["post-6794","page","type-page","status-publish","hentry"],"publishpress_future_action":{"enabled":false,"date":"2026-04-13 08:00:03","action":"change-status","newStatus":"draft","terms":[],"taxonomy":"","extraData":[]},"publishpress_future_workflow_manual_trigger":{"enabledWorkflows":[]},"_links":{"self":[{"href":"https:\/\/wbp.lublin.pl\/index.php\/wp-json\/wp\/v2\/pages\/6794","targetHints":{"allow":["GET"]}}],"collection":[{"href":"https:\/\/wbp.lublin.pl\/index.php\/wp-json\/wp\/v2\/pages"}],"about":[{"href":"https:\/\/wbp.lublin.pl\/index.php\/wp-json\/wp\/v2\/types\/page"}],"author":[{"embeddable":true,"href":"https:\/\/wbp.lublin.pl\/index.php\/wp-json\/wp\/v2\/users\/18"}],"replies":[{"embeddable":true,"href":"https:\/\/wbp.lublin.pl\/index.php\/wp-json\/wp\/v2\/comments?post=6794"}],"version-history":[{"count":46,"href":"https:\/\/wbp.lublin.pl\/index.php\/wp-json\/wp\/v2\/pages\/6794\/revisions"}],"predecessor-version":[{"id":78710,"href":"https:\/\/wbp.lublin.pl\/index.php\/wp-json\/wp\/v2\/pages\/6794\/revisions\/78710"}],"wp:attachment":[{"href":"https:\/\/wbp.lublin.pl\/index.php\/wp-json\/wp\/v2\/media?parent=6794"}],"curies":[{"name":"wp","href":"https:\/\/api.w.org\/{rel}","templated":true}]}}