{"id":6874,"date":"2018-06-21T14:38:06","date_gmt":"2018-06-21T12:38:06","guid":{"rendered":"https:\/\/wbp.lublin.pl8\/?page_id=6874"},"modified":"2022-04-07T15:08:20","modified_gmt":"2022-04-07T13:08:20","slug":"oddzial-dla-dzieci","status":"publish","type":"page","link":"https:\/\/wbp.lublin.pl\/index.php\/agendy\/oddzial-dla-dzieci\/","title":{"rendered":"Oddzia\u0142 dla Dzieci"},"content":{"rendered":"\n<!--more-->\n\n\n\n<p class=\"wp-block-paragraph\"><strong>LOKALIZACJA:<\/strong><br>Parter, nowe skrzyd\u0142o WBP (za Wypo\u017cyczalni\u0105).<br>Oddzia\u0142 dla Dzieci jest agend\u0105 Dzia\u0142u Udost\u0119pniania.<\/p>\n\n\n\n<p class=\"wp-block-paragraph\"><strong>E-MAIL: <\/strong><br><span lang=\"EN-US\"><a href=\"mailto:odd@wbp.lublin.pl\">odd@wbp.lublin.pl<\/a><\/span><\/p>\n\n\n\n<p class=\"wp-block-paragraph\"><strong>TEL.:<\/strong><br><strong> Oddzia\u0142 dla Dzieci<\/strong>: <a href=\"tel:815287442\">81-52-87-442<\/a>, <a href=\"tel:815287426\">81-52-87-426<\/a><br><strong> Kierownik Dzia\u0142u Udost\u0119pniania<\/strong>: <a href=\"tel:815287426\">81-52-87-426<\/a><\/p>\n\n\n\n<p class=\"wp-block-paragraph\">Z my\u015bl\u0105 o&nbsp;najm\u0142odszych czytelnikach przy Wypo\u017cyczalni Biblioteki udost\u0119pnili\u015bmy ksi\u0119gozbi\u00f3r zawieraj\u0105cy klasyk\u0119 literatury dzieci\u0119cej, lektury szkolne, wsp\u00f3\u0142czesn\u0105 tw\u00f3rczo\u015b\u0107 literack\u0105 oraz audiobooki.<\/p>\n\n\n\n<p class=\"wp-block-paragraph\">Wolny dost\u0119p do p\u00f3\u0142ek pozwala dzieciom na bliski kontakt z&nbsp;nowymi, pi\u0119knie wydanymi, kolorowymi ksi\u0105\u017ckami, a&nbsp;przyjazne i&nbsp;pe\u0142ne zabawek pomieszczenie z&nbsp;pewno\u015bci\u0105 b\u0119dzie dodatkow\u0105 atrakcj\u0105 dla m\u0142odego czytelnika.<\/p>\n\n\n\n<p class=\"wp-block-paragraph\">Dodatkowo oferujemy bezp\u0142atne lekcje biblioteczne i&nbsp;warsztaty edukacyjno-plastyczne dla przedszkoli i&nbsp;klas wczesnoszkolnych.<\/p>\n","protected":false},"excerpt":{"rendered":"","protected":false},"author":18,"featured_media":0,"parent":6877,"menu_order":33,"comment_status":"closed","ping_status":"closed","template":"template-noleft.php","meta":{"_tec_requires_first_save":true,"_crdt_document":"","pgc_sgb_lightbox_settings":"","_EventAllDay":false,"_EventTimezone":"","_EventStartDate":"","_EventEndDate":"","_EventStartDateUTC":"","_EventEndDateUTC":"","_EventShowMap":false,"_EventShowMapLink":false,"_EventURL":"","_EventCost":"","_EventCostDescription":"","_EventCurrencySymbol":"","_EventCurrencyCode":"","_EventCurrencyPosition":"","_EventDateTimeSeparator":"","_EventTimeRangeSeparator":"","_EventOrganizerID":[],"_EventVenueID":[],"_OrganizerEmail":"","_OrganizerPhone":"","_OrganizerWebsite":"","_VenueAddress":"","_VenueCity":"","_VenueCountry":"","_VenueProvince":"","_VenueState":"","_VenueZip":"","_VenuePhone":"","_VenueURL":"","_VenueStateProvince":"","_VenueLat":"","_VenueLng":"","_VenueShowMap":false,"_VenueShowMapLink":false,"_tribe_blocks_recurrence_rules":"","_tribe_blocks_recurrence_description":"","_tribe_blocks_recurrence_exclusions":"","footnotes":""},"class_list":["post-6874","page","type-page","status-publish","hentry"],"publishpress_future_action":{"enabled":false,"date":"2026-04-16 22:03:24","action":"change-status","newStatus":"draft","terms":[],"taxonomy":"","extraData":[]},"publishpress_future_workflow_manual_trigger":{"enabledWorkflows":[]},"_links":{"self":[{"href":"https:\/\/wbp.lublin.pl\/index.php\/wp-json\/wp\/v2\/pages\/6874","targetHints":{"allow":["GET"]}}],"collection":[{"href":"https:\/\/wbp.lublin.pl\/index.php\/wp-json\/wp\/v2\/pages"}],"about":[{"href":"https:\/\/wbp.lublin.pl\/index.php\/wp-json\/wp\/v2\/types\/page"}],"author":[{"embeddable":true,"href":"https:\/\/wbp.lublin.pl\/index.php\/wp-json\/wp\/v2\/users\/18"}],"replies":[{"embeddable":true,"href":"https:\/\/wbp.lublin.pl\/index.php\/wp-json\/wp\/v2\/comments?post=6874"}],"version-history":[{"count":7,"href":"https:\/\/wbp.lublin.pl\/index.php\/wp-json\/wp\/v2\/pages\/6874\/revisions"}],"predecessor-version":[{"id":35737,"href":"https:\/\/wbp.lublin.pl\/index.php\/wp-json\/wp\/v2\/pages\/6874\/revisions\/35737"}],"up":[{"embeddable":true,"href":"https:\/\/wbp.lublin.pl\/index.php\/wp-json\/wp\/v2\/pages\/6877"}],"wp:attachment":[{"href":"https:\/\/wbp.lublin.pl\/index.php\/wp-json\/wp\/v2\/media?parent=6874"}],"curies":[{"name":"wp","href":"https:\/\/api.w.org\/{rel}","templated":true}]}}