{"id":80222,"date":"2026-03-09T08:47:49","date_gmt":"2026-03-09T07:47:49","guid":{"rendered":"https:\/\/wbp.lublin.pl\/?page_id=80222"},"modified":"2026-03-24T10:59:58","modified_gmt":"2026-03-24T09:59:58","slug":"e-uslugi","status":"publish","type":"page","link":"https:\/\/wbp.lublin.pl\/index.php\/e-uslugi\/","title":{"rendered":"e-us\u0142ugi"},"content":{"rendered":"\n<div class=\"wp-block-buttons is-content-justification-center is-layout-flex wp-container-core-buttons-is-layout-fe48e5de wp-block-buttons-is-layout-flex\">\n<div class=\"wp-block-button is-style-outline is-style-outline--1\"><a class=\"wp-block-button__link has-white-color has-text-color has-background has-link-color has-medium-font-size has-custom-font-size wp-element-button\" href=\"https:\/\/wbp.lublin.pl\/index.php\/e-uslugi\/digitalizacja-na-zyczenie\/\" style=\"border-top-left-radius:0px;border-top-right-radius:0px;border-bottom-left-radius:0px;border-bottom-right-radius:0px;background-color:#1d2c4c\">Digitalizacja na \u017cyczenie<\/a><\/div>\n\n\n\n<div class=\"wp-block-button is-style-fill\"><a class=\"wp-block-button__link has-white-color has-text-color has-background has-link-color has-medium-font-size has-custom-font-size wp-element-button\" href=\"https:\/\/wbp.lublin.pl\/index.php\/e-uslugi\/pliki-na-zyczenie\/\" style=\"border-top-left-radius:0px;border-top-right-radius:0px;border-bottom-left-radius:0px;border-bottom-right-radius:0px;background-color:#1d2c4c\">Pliki na \u017cyczenie<\/a><\/div>\n\n\n\n<div class=\"wp-block-button is-style-fill\"><a class=\"wp-block-button__link has-white-color has-text-color has-background has-link-color has-medium-font-size has-custom-font-size wp-element-button\" href=\"https:\/\/wbp.lublin.pl\/index.php\/e-uslugi\/audiobook-na-zyczenie\/\" style=\"border-top-left-radius:0px;border-top-right-radius:0px;border-bottom-left-radius:0px;border-bottom-right-radius:0px;background-color:#1d2c4c\">Audiobook na \u017cyczenie<\/a><\/div>\n<\/div>\n\n\n\n<div style=\"height:51px\" aria-hidden=\"true\" class=\"wp-block-spacer\"><\/div>\n\n\n\n<ol class=\"wp-block-list\">\n<li><strong>Czym s\u0105 e-us\u0142ugi oferowane przez Bibliotek\u0119?<\/strong><br>E-us\u0142ugi to us\u0142ugi realizowane drog\u0105 elektroniczn\u0105, obejmuj\u0105ce digitalizacj\u0119 materia\u0142\u00f3w, udost\u0119pnianie plik\u00f3w oraz przygotowanie audiobook\u00f3w na zam\u00f3wienie. E-us\u0142ugi wdro\u017cone zosta\u0142y w ramach projektu \u201eKultura bez ogranicze\u0144 \u2013 digitalizacja i udost\u0119pnianie dziedzictwa kulturowego ze zbior\u00f3w Wojew\u00f3dzkiej Biblioteki Publicznej im. Hieronima \u0141opaci\u0144skiego w Lublinie\u201d realizowanego w ramach programu Fundusze Europejskie dla Lubelskiego 2021-2027, dzia\u0142anie 2.1. Cyfrowe Lubelskie.<\/li>\n\n\n\n<li><strong>Czy korzystanie z us\u0142ug jest p\u0142atne?<\/strong><br>Nie, wszystkie us\u0142ugi s\u0105 bezp\u0142atne i przeznaczone wy\u0142\u0105cznie do cel\u00f3w edukacyjnych i naukowych.<\/li>\n\n\n\n<li><strong>Kto mo\u017ce korzysta\u0107 z e-us\u0142ug?<\/strong><br>Z us\u0142ug mog\u0105 korzysta\u0107 osoby posiadaj\u0105ce aktywne konto czytelnika w Bibliotece.<\/li>\n\n\n\n<li><strong>Czy korzystanie z us\u0142ug oznacza akceptacj\u0119 regulaminu?<\/strong><br>Tak, skorzystanie z us\u0142ug jest r\u00f3wnoznaczne z akceptacj\u0105 regulaminu.<\/li>\n\n\n\n<li><strong>Czy za\u0142o\u017cenie konta czytelnika jest obowi\u0105zkowe?<\/strong><br>Tak, posiadanie aktywnego konta czytelnika jest warunkiem korzystania z e-us\u0142ug.<\/li>\n\n\n\n<li><strong>Czy za\u0142o\u017cenie konta czytelnika jest p\u0142atne?<\/strong><br>Nie, utworzenie i korzystanie z konta czytelnika jest bezp\u0142atne i dobrowolne.<\/li>\n\n\n\n<li><strong>Czy us\u0142ugi s\u0105 realizowane w formie stacjonarnej?<\/strong><br>Nie, wszystkie us\u0142ugi realizowane s\u0105 w ca\u0142o\u015bci drog\u0105 elektroniczn\u0105.<\/li>\n\n\n\n<li><strong>Jakie materia\u0142y mo\u017cna zamawia\u0107 w ramach us\u0142ug?<\/strong><br>Wy\u0142\u0105cznie materia\u0142y znajduj\u0105ce si\u0119 w zbiorach Biblioteki.<\/li>\n\n\n\n<li><strong>Czy us\u0142ugi mog\u0105 by\u0107 wykorzystywane w celach komercyjnych?<\/strong><br>Nie, us\u0142ugi s\u0105 przeznaczone wy\u0142\u0105cznie do cel\u00f3w edukacyjnych i naukowych.<\/li>\n\n\n\n<li><strong>Czy realizacja us\u0142ug podlega przepisom prawa autorskiego?<\/strong><br>Tak, wszystkie us\u0142ugi s\u0105 realizowane zgodnie z obowi\u0105zuj\u0105cymi przepisami prawa autorskiego.<\/li>\n\n\n\n<li><strong>Czy Biblioteka mo\u017ce odm\u00f3wi\u0107 realizacji zam\u00f3wienia?<\/strong><br>Tak, np. w przypadku naruszenia prawa, ogranicze\u0144 technicznych lub formalnych.<\/li>\n\n\n\n<li><strong>Czy Biblioteka odpowiada za spos\u00f3b wykorzystania materia\u0142\u00f3w przez u\u017cytkownika?<\/strong><br>Nie, u\u017cytkownik ponosi pe\u0142n\u0105 odpowiedzialno\u015b\u0107 za ich wykorzystanie.<\/li>\n<\/ol>\n\n\n\n<p class=\"wp-block-paragraph\">Je\u015bli masz dodatkowe pytania, napisz do nas lub zadzwo\u0144.<br>email: <a href=\"mailto:zasoby@wbp.lublin.pl\">zasoby@wbp.lublin.pl<\/a><br>tel: <a href=\"tel:815287414\">81 5287414<\/a><\/p>\n\n\n\n<p class=\"wp-block-paragraph\">Zapraszamy!<\/p>\n\n\n\n<figure class=\"wp-block-image size-full\"><img data-dominant-color=\"e1e0e6\" data-has-transparency=\"false\" style=\"--dominant-color: #e1e0e6;\" loading=\"lazy\" decoding=\"async\" width=\"1920\" height=\"204\" sizes=\"auto, (max-width: 1920px) 100vw, 1920px\" src=\"https:\/\/wbp.lublin.pl\/wp-content\/uploads\/2024\/01\/FEL_logotyp_kolor_poziom.webp\" alt=\"Kultura bez ogranicze\u0144 \u2013 digitalizacja i udost\u0119pnianie dziedzictwa kulturowego ze zbior\u00f3w Wojew\u00f3dzkiej Biblioteki Publicznej im. Hieronima \u0141opaci\u0144skiego w Lublinie\" class=\"wp-image-53164 not-transparent\" srcset=\"https:\/\/wbp.lublin.pl\/wp-content\/uploads\/2024\/01\/FEL_logotyp_kolor_poziom.webp 1920w, https:\/\/wbp.lublin.pl\/wp-content\/uploads\/2024\/01\/FEL_logotyp_kolor_poziom-600x64.webp 600w, https:\/\/wbp.lublin.pl\/wp-content\/uploads\/2024\/01\/FEL_logotyp_kolor_poziom-400x43.webp 400w, https:\/\/wbp.lublin.pl\/wp-content\/uploads\/2024\/01\/FEL_logotyp_kolor_poziom-768x82.webp 768w, https:\/\/wbp.lublin.pl\/wp-content\/uploads\/2024\/01\/FEL_logotyp_kolor_poziom-1536x163.webp 1536w, https:\/\/wbp.lublin.pl\/wp-content\/uploads\/2024\/01\/FEL_logotyp_kolor_poziom-947x101.webp 947w, https:\/\/wbp.lublin.pl\/wp-content\/uploads\/2024\/01\/FEL_logotyp_kolor_poziom-624x66.webp 624w\" \/><\/figure>\n","protected":false},"excerpt":{"rendered":"<p>Je\u015bli masz dodatkowe pytania, napisz do nas lub zadzwo\u0144.email: zasoby@wbp.lublin.pltel: 81 5287414 Zapraszamy!<\/p>\n","protected":false},"author":18,"featured_media":0,"parent":0,"menu_order":5,"comment_status":"closed","ping_status":"closed","template":"","meta":{"_tec_requires_first_save":true,"_crdt_document":"","pgc_sgb_lightbox_settings":"","_EventAllDay":false,"_EventTimezone":"","_EventStartDate":"","_EventEndDate":"","_EventStartDateUTC":"","_EventEndDateUTC":"","_EventShowMap":false,"_EventShowMapLink":false,"_EventURL":"","_EventCost":"","_EventCostDescription":"","_EventCurrencySymbol":"","_EventCurrencyCode":"","_EventCurrencyPosition":"","_EventDateTimeSeparator":"","_EventTimeRangeSeparator":"","_EventOrganizerID":[],"_EventVenueID":[],"_OrganizerEmail":"","_OrganizerPhone":"","_OrganizerWebsite":"","_VenueAddress":"","_VenueCity":"","_VenueCountry":"","_VenueProvince":"","_VenueState":"","_VenueZip":"","_VenuePhone":"","_VenueURL":"","_VenueStateProvince":"","_VenueLat":"","_VenueLng":"","_VenueShowMap":false,"_VenueShowMapLink":false,"_tribe_blocks_recurrence_rules":"","_tribe_blocks_recurrence_description":"","_tribe_blocks_recurrence_exclusions":"","footnotes":""},"class_list":["post-80222","page","type-page","status-publish","hentry"],"publishpress_future_action":{"enabled":false,"date":"2026-05-10 11:00:17","action":"change-status","newStatus":"draft","terms":[],"taxonomy":"","extraData":[]},"publishpress_future_workflow_manual_trigger":{"enabledWorkflows":[]},"_links":{"self":[{"href":"https:\/\/wbp.lublin.pl\/index.php\/wp-json\/wp\/v2\/pages\/80222","targetHints":{"allow":["GET"]}}],"collection":[{"href":"https:\/\/wbp.lublin.pl\/index.php\/wp-json\/wp\/v2\/pages"}],"about":[{"href":"https:\/\/wbp.lublin.pl\/index.php\/wp-json\/wp\/v2\/types\/page"}],"author":[{"embeddable":true,"href":"https:\/\/wbp.lublin.pl\/index.php\/wp-json\/wp\/v2\/users\/18"}],"replies":[{"embeddable":true,"href":"https:\/\/wbp.lublin.pl\/index.php\/wp-json\/wp\/v2\/comments?post=80222"}],"version-history":[{"count":41,"href":"https:\/\/wbp.lublin.pl\/index.php\/wp-json\/wp\/v2\/pages\/80222\/revisions"}],"predecessor-version":[{"id":80970,"href":"https:\/\/wbp.lublin.pl\/index.php\/wp-json\/wp\/v2\/pages\/80222\/revisions\/80970"}],"wp:attachment":[{"href":"https:\/\/wbp.lublin.pl\/index.php\/wp-json\/wp\/v2\/media?parent=80222"}],"curies":[{"name":"wp","href":"https:\/\/api.w.org\/{rel}","templated":true}]}}

e-usługi

<div class="wp-block-buttons is-content-justification-center is-layout-flex wp-container-core-buttons-is-layout-fe48e5de wp-block-buttons-is-layout-flex">
<div class="wp-block-button is-style-outline is-style-outline--1"><a class="wp-block-button__link has-white-color has-text-color has-background has-link-color has-medium-font-size has-custom-font-size wp-element-button" href="https://wbp.lublin.pl/index.php/e-uslugi/digitalizacja-na-zyczenie/" style="border-top-left-radius:0px;border-top-right-radius:0px;border-bottom-left-radius:0px;border-bottom-right-radius:0px;background-color:#1d2c4c">Digitalizacja na życzenie</a></div>



<div class="wp-block-button is-style-fill"><a class="wp-block-button__link has-white-color has-text-color has-background has-link-color has-medium-font-size has-custom-font-size wp-element-button" href="https://wbp.lublin.pl/index.php/e-uslugi/pliki-na-zyczenie/" style="border-top-left-radius:0px;border-top-right-radius:0px;border-bottom-left-radius:0px;border-bottom-right-radius:0px;background-color:#1d2c4c">Pliki na życzenie</a></div>



<div class="wp-block-button is-style-fill"><a class="wp-block-button__link has-white-color has-text-color has-background has-link-color has-medium-font-size has-custom-font-size wp-element-button" href="https://wbp.lublin.pl/index.php/e-uslugi/audiobook-na-zyczenie/" style="border-top-left-radius:0px;border-top-right-radius:0px;border-bottom-left-radius:0px;border-bottom-right-radius:0px;background-color:#1d2c4c">Audiobook na życzenie</a></div>
</div>



<div style="height:51px" aria-hidden="true" class="wp-block-spacer"></div>



<ol class="wp-block-list">
<li><strong>Czym są e-usługi oferowane przez Bibliotekę?</strong><br>E-usługi to usługi realizowane drogą elektroniczną, obejmujące digitalizację materiałów, udostępnianie plików oraz przygotowanie audiobooków na zamówienie. E-usługi wdrożone zostały w ramach projektu „Kultura bez ograniczeń – digitalizacja i udostępnianie dziedzictwa kulturowego ze zbiorów Wojewódzkiej Biblioteki Publicznej im. Hieronima Łopacińskiego w Lublinie” realizowanego w ramach programu Fundusze Europejskie dla Lubelskiego 2021-2027, działanie 2.1. Cyfrowe Lubelskie.</li>



<li><strong>Czy korzystanie z usług jest płatne?</strong><br>Nie, wszystkie usługi są bezpłatne i przeznaczone wyłącznie do celów edukacyjnych i naukowych.</li>



<li><strong>Kto może korzystać z e-usług?</strong><br>Z usług mogą korzystać osoby posiadające aktywne konto czytelnika w Bibliotece.</li>



<li><strong>Czy korzystanie z usług oznacza akceptację regulaminu?</strong><br>Tak, skorzystanie z usług jest równoznaczne z akceptacją regulaminu.</li>



<li><strong>Czy założenie konta czytelnika jest obowiązkowe?</strong><br>Tak, posiadanie aktywnego konta czytelnika jest warunkiem korzystania z e-usług.</li>



<li><strong>Czy założenie konta czytelnika jest płatne?</strong><br>Nie, utworzenie i korzystanie z konta czytelnika jest bezpłatne i dobrowolne.</li>



<li><strong>Czy usługi są realizowane w formie stacjonarnej?</strong><br>Nie, wszystkie usługi realizowane są w całości drogą elektroniczną.</li>



<li><strong>Jakie materiały można zamawiać w ramach usług?</strong><br>Wyłącznie materiały znajdujące się w zbiorach Biblioteki.</li>



<li><strong>Czy usługi mogą być wykorzystywane w celach komercyjnych?</strong><br>Nie, usługi są przeznaczone wyłącznie do celów edukacyjnych i naukowych.</li>



<li><strong>Czy realizacja usług podlega przepisom prawa autorskiego?</strong><br>Tak, wszystkie usługi są realizowane zgodnie z obowiązującymi przepisami prawa autorskiego.</li>



<li><strong>Czy Biblioteka może odmówić realizacji zamówienia?</strong><br>Tak, np. w przypadku naruszenia prawa, ograniczeń technicznych lub formalnych.</li>



<li><strong>Czy Biblioteka odpowiada za sposób wykorzystania materiałów przez użytkownika?</strong><br>Nie, użytkownik ponosi pełną odpowiedzialność za ich wykorzystanie.</li>
</ol>



<p class="wp-block-paragraph">Jeśli masz dodatkowe pytania, napisz do nas lub zadzwoń.<br>email: <a href="mailto:zasoby@wbp.lublin.pl">zasoby@wbp.lublin.pl</a><br>tel: <a href="tel:815287414">81 5287414</a></p>



<p class="wp-block-paragraph">Zapraszamy!</p>



<figure class="wp-block-image size-full"><img data-dominant-color="e1e0e6" data-has-transparency="false" style="--dominant-color: #e1e0e6;" loading="lazy" decoding="async" width="1920" height="204" sizes="auto, (max-width: 1920px) 100vw, 1920px" src="https://wbp.lublin.pl/wp-content/uploads/2024/01/FEL_logotyp_kolor_poziom.webp" alt="Kultura bez ograniczeń – digitalizacja i udostępnianie dziedzictwa kulturowego ze zbiorów Wojewódzkiej Biblioteki Publicznej im. Hieronima Łopacińskiego w Lublinie" class="wp-image-53164 not-transparent" srcset="https://wbp.lublin.pl/wp-content/uploads/2024/01/FEL_logotyp_kolor_poziom.webp 1920w, https://wbp.lublin.pl/wp-content/uploads/2024/01/FEL_logotyp_kolor_poziom-600x64.webp 600w, https://wbp.lublin.pl/wp-content/uploads/2024/01/FEL_logotyp_kolor_poziom-400x43.webp 400w, https://wbp.lublin.pl/wp-content/uploads/2024/01/FEL_logotyp_kolor_poziom-768x82.webp 768w, https://wbp.lublin.pl/wp-content/uploads/2024/01/FEL_logotyp_kolor_poziom-1536x163.webp 1536w, https://wbp.lublin.pl/wp-content/uploads/2024/01/FEL_logotyp_kolor_poziom-947x101.webp 947w, https://wbp.lublin.pl/wp-content/uploads/2024/01/FEL_logotyp_kolor_poziom-624x66.webp 624w" /></figure>

<p>Jeśli masz dodatkowe pytania, napisz do nas lub zadzwoń.email: zasoby@wbp.lublin.pltel: 81 5287414 Zapraszamy!</p>
