{"id":80224,"date":"2026-03-09T08:48:28","date_gmt":"2026-03-09T07:48:28","guid":{"rendered":"https:\/\/wbp.lublin.pl\/?page_id=80224"},"modified":"2026-03-19T14:24:34","modified_gmt":"2026-03-19T13:24:34","slug":"digitalizacja-na-zyczenie","status":"publish","type":"page","link":"https:\/\/wbp.lublin.pl\/index.php\/e-uslugi\/digitalizacja-na-zyczenie\/","title":{"rendered":"Digitalizacja na \u017cyczenie"},"content":{"rendered":"\n<div class=\"wp-block-buttons is-content-justification-center is-layout-flex wp-container-core-buttons-is-layout-fe48e5de wp-block-buttons-is-layout-flex\">\n<div class=\"wp-block-button is-style-fill\"><a class=\"wp-block-button__link has-background has-medium-font-size has-custom-font-size wp-element-button\" href=\"https:\/\/wbp.lublin.pl\/wp-content\/uploads\/2026\/03\/Regulamin-Digitalizacja-na-zyczenie-i-Pliki-na-zyczenie.pdf\" style=\"border-top-left-radius:0px;border-top-right-radius:0px;border-bottom-left-radius:0px;border-bottom-right-radius:0px;background-color:#1d2c4c\">Regulamin<\/a><\/div>\n\n\n\n<div class=\"wp-block-button is-style-fill\"><a class=\"wp-block-button__link has-background has-medium-font-size has-custom-font-size wp-element-button\" href=\"https:\/\/wbp.lublin.pl\/index.php\/e-uslugi\/formularz-zamowienia\/\" style=\"border-top-left-radius:0px;border-top-right-radius:0px;border-bottom-left-radius:0px;border-bottom-right-radius:0px;background-color:#1d2c4c\">Formularz zam\u00f3wienia<\/a><\/div>\n<\/div>\n\n\n\n<div style=\"height:40px\" aria-hidden=\"true\" class=\"wp-block-spacer\"><\/div>\n\n\n\n<p class=\"wp-block-paragraph\">Nie znalaz\u0142e\u015b interesuj\u0105cej Ci\u0119 publikacji w wersji cyfrowej?<br>Zam\u00f3w jej digitalizacj\u0119!<\/p>\n\n\n\n<p class=\"wp-block-paragraph\">Wojew\u00f3dzka Biblioteka Publiczna im. Hieronima \u0141opaci\u0144skiego w Lublinie udost\u0119pnia nowoczesn\u0105 e-us\u0142ug\u0119 \u201eDigitalizacja na \u017cyczenie\u201d, dzi\u0119ki kt\u00f3rej mo\u017cesz wygodnie zamawia\u0107 materia\u0142y ze zbior\u00f3w Biblioteki w formie cyfrowej \u2013 szybko, bezp\u0142atnie i ca\u0142kowicie online.<\/p>\n\n\n\n<p class=\"wp-block-paragraph\">Us\u0142uga spe\u0142nia najwy\u017csze standardy cyfrowe, co oznacza, \u017ce ca\u0142y proces \u2013 od z\u0142o\u017cenia zam\u00f3wienia a\u017c po odbi\u00f3r pliku \u2013 odbywa si\u0119 elektronicznie.<\/p>\n\n\n\n<p class=\"wp-block-paragraph\"><strong>Jak to dzia\u0142a?<\/strong><\/p>\n\n\n\n<p class=\"wp-block-paragraph\">Wystarczy, \u017ce wype\u0142nisz <a href=\"https:\/\/wbp.lublin.pl\/index.php\/e-uslugi\/formularz-zamowienia\/\" data-type=\"page\" data-id=\"80709\">formularz dost\u0119pny na stronie Biblioteki<\/a> i wska\u017cesz interesuj\u0105cy Ci\u0119 materia\u0142.<br>Reszt\u0105 zajmiemy si\u0119 my \u2013 a o realizacji zam\u00f3wienia poinformujemy Ci\u0119 mailowo.<\/p>\n\n\n\n<p class=\"wp-block-paragraph\"><strong>Co uzyskasz<\/strong> <strong>w ramach tej us\u0142ugi<\/strong>:<\/p>\n\n\n\n<ul class=\"wp-block-list\">\n<li>zeskanujemy wskazane fragmenty ksi\u0105\u017cek<\/li>\n\n\n\n<li>przygotujemy pliki w odpowiednim formacie cyfrowym,<\/li>\n\n\n\n<li>udost\u0119pnimy gotowy plik drog\u0105 mailow\u0105.<\/li>\n<\/ul>\n\n\n\n<p class=\"wp-block-paragraph\">To wygodne rozwi\u0105zanie, kt\u00f3re pozwala dotrze\u0107 do potrzebnych tre\u015bci bez konieczno\u015bci wizyty w Bibliotece.<\/p>\n\n\n\n<p class=\"wp-block-paragraph\"><strong>Zalety us\u0142ugi:<\/strong><\/p>\n\n\n\n<ul class=\"wp-block-list\">\n<li>dost\u0119pna z ka\u017cdego miejsca i o ka\u017cdej porze,<\/li>\n\n\n\n<li>bezp\u0142atna dla u\u017cytkownik\u00f3w,<\/li>\n\n\n\n<li>odpowiada na potrzeby os\u00f3b z niepe\u0142nosprawno\u015bciami,<\/li>\n\n\n\n<li>umo\u017cliwia dost\u0119p tak\u017ce do materia\u0142\u00f3w rzadkich i unikalnych.<\/li>\n<\/ul>\n\n\n\n<p class=\"wp-block-paragraph\"><strong>Dlaczego warto skorzysta\u0107 z us\u0142ugi?<\/strong><\/p>\n\n\n\n<ul class=\"wp-block-list\">\n<li>oszcz\u0119dzasz czas \u2013 bez wizyty w Bibliotece<\/li>\n\n\n\n<li>masz dost\u0119p do szerokiego zasobu publikacji<\/li>\n\n\n\n<li>korzystasz z nowoczesnej i intuicyjnej us\u0142ugi<\/li>\n\n\n\n<li>otrzymujesz materia\u0142y w wygodnej formie cyfrowej<\/li>\n<\/ul>\n\n\n\n<p class=\"wp-block-paragraph\">\u201eDigitalizacja na \u017cyczenie\u201d to nowoczesna biblioteka na Twoich zasadach \u2013 dost\u0119pna zawsze wtedy, kiedy jej potrzebujesz.<\/p>\n\n\n\n<figure class=\"wp-block-image size-full\"><img data-dominant-color=\"e1e0e6\" data-has-transparency=\"false\" style=\"--dominant-color: #e1e0e6;\" loading=\"lazy\" decoding=\"async\" width=\"1920\" height=\"204\" sizes=\"auto, (max-width: 1920px) 100vw, 1920px\" src=\"https:\/\/wbp.lublin.pl\/wp-content\/uploads\/2024\/01\/FEL_logotyp_kolor_poziom.webp\" alt=\"Kultura bez ogranicze\u0144 \u2013 digitalizacja i udost\u0119pnianie dziedzictwa kulturowego ze zbior\u00f3w Wojew\u00f3dzkiej Biblioteki Publicznej im. Hieronima \u0141opaci\u0144skiego w Lublinie\" class=\"wp-image-53164 not-transparent\" srcset=\"https:\/\/wbp.lublin.pl\/wp-content\/uploads\/2024\/01\/FEL_logotyp_kolor_poziom.webp 1920w, https:\/\/wbp.lublin.pl\/wp-content\/uploads\/2024\/01\/FEL_logotyp_kolor_poziom-600x64.webp 600w, https:\/\/wbp.lublin.pl\/wp-content\/uploads\/2024\/01\/FEL_logotyp_kolor_poziom-400x43.webp 400w, https:\/\/wbp.lublin.pl\/wp-content\/uploads\/2024\/01\/FEL_logotyp_kolor_poziom-768x82.webp 768w, https:\/\/wbp.lublin.pl\/wp-content\/uploads\/2024\/01\/FEL_logotyp_kolor_poziom-1536x163.webp 1536w, https:\/\/wbp.lublin.pl\/wp-content\/uploads\/2024\/01\/FEL_logotyp_kolor_poziom-947x101.webp 947w, https:\/\/wbp.lublin.pl\/wp-content\/uploads\/2024\/01\/FEL_logotyp_kolor_poziom-624x66.webp 624w\" \/><\/figure>\n","protected":false},"excerpt":{"rendered":"<p>Nie znalaz\u0142e\u015b interesuj\u0105cej Ci\u0119 publikacji w wersji cyfrowej?Zam\u00f3w jej digitalizacj\u0119! Wojew\u00f3dzka Biblioteka Publiczna im. Hieronima \u0141opaci\u0144skiego w Lublinie udost\u0119pnia nowoczesn\u0105 e-us\u0142ug\u0119 \u201eDigitalizacja na \u017cyczenie\u201d, dzi\u0119ki kt\u00f3rej mo\u017cesz wygodnie zamawia\u0107 materia\u0142y [&hellip;]<\/p>\n","protected":false},"author":18,"featured_media":0,"parent":80222,"menu_order":16,"comment_status":"closed","ping_status":"closed","template":"","meta":{"_tec_requires_first_save":true,"_crdt_document":"","pgc_sgb_lightbox_settings":"","_EventAllDay":false,"_EventTimezone":"","_EventStartDate":"","_EventEndDate":"","_EventStartDateUTC":"","_EventEndDateUTC":"","_EventShowMap":false,"_EventShowMapLink":false,"_EventURL":"","_EventCost":"","_EventCostDescription":"","_EventCurrencySymbol":"","_EventCurrencyCode":"","_EventCurrencyPosition":"","_EventDateTimeSeparator":"","_EventTimeRangeSeparator":"","_EventOrganizerID":[],"_EventVenueID":[],"_OrganizerEmail":"","_OrganizerPhone":"","_OrganizerWebsite":"","_VenueAddress":"","_VenueCity":"","_VenueCountry":"","_VenueProvince":"","_VenueState":"","_VenueZip":"","_VenuePhone":"","_VenueURL":"","_VenueStateProvince":"","_VenueLat":"","_VenueLng":"","_VenueShowMap":false,"_VenueShowMapLink":false,"_tribe_blocks_recurrence_rules":"","_tribe_blocks_recurrence_description":"","_tribe_blocks_recurrence_exclusions":"","footnotes":""},"class_list":["post-80224","page","type-page","status-publish","hentry"],"publishpress_future_action":{"enabled":false,"date":"2026-05-06 09:49:35","action":"change-status","newStatus":"draft","terms":[],"taxonomy":"","extraData":[]},"publishpress_future_workflow_manual_trigger":{"enabledWorkflows":[]},"_links":{"self":[{"href":"https:\/\/wbp.lublin.pl\/index.php\/wp-json\/wp\/v2\/pages\/80224","targetHints":{"allow":["GET"]}}],"collection":[{"href":"https:\/\/wbp.lublin.pl\/index.php\/wp-json\/wp\/v2\/pages"}],"about":[{"href":"https:\/\/wbp.lublin.pl\/index.php\/wp-json\/wp\/v2\/types\/page"}],"author":[{"embeddable":true,"href":"https:\/\/wbp.lublin.pl\/index.php\/wp-json\/wp\/v2\/users\/18"}],"replies":[{"embeddable":true,"href":"https:\/\/wbp.lublin.pl\/index.php\/wp-json\/wp\/v2\/comments?post=80224"}],"version-history":[{"count":9,"href":"https:\/\/wbp.lublin.pl\/index.php\/wp-json\/wp\/v2\/pages\/80224\/revisions"}],"predecessor-version":[{"id":80762,"href":"https:\/\/wbp.lublin.pl\/index.php\/wp-json\/wp\/v2\/pages\/80224\/revisions\/80762"}],"up":[{"embeddable":true,"href":"https:\/\/wbp.lublin.pl\/index.php\/wp-json\/wp\/v2\/pages\/80222"}],"wp:attachment":[{"href":"https:\/\/wbp.lublin.pl\/index.php\/wp-json\/wp\/v2\/media?parent=80224"}],"curies":[{"name":"wp","href":"https:\/\/api.w.org\/{rel}","templated":true}]}}

Digitalizacja na życzenie

<div class="wp-block-buttons is-content-justification-center is-layout-flex wp-container-core-buttons-is-layout-fe48e5de wp-block-buttons-is-layout-flex">
<div class="wp-block-button is-style-fill"><a class="wp-block-button__link has-background has-medium-font-size has-custom-font-size wp-element-button" href="https://wbp.lublin.pl/wp-content/uploads/2026/03/Regulamin-Digitalizacja-na-zyczenie-i-Pliki-na-zyczenie.pdf" style="border-top-left-radius:0px;border-top-right-radius:0px;border-bottom-left-radius:0px;border-bottom-right-radius:0px;background-color:#1d2c4c">Regulamin</a></div>



<div class="wp-block-button is-style-fill"><a class="wp-block-button__link has-background has-medium-font-size has-custom-font-size wp-element-button" href="https://wbp.lublin.pl/index.php/e-uslugi/formularz-zamowienia/" style="border-top-left-radius:0px;border-top-right-radius:0px;border-bottom-left-radius:0px;border-bottom-right-radius:0px;background-color:#1d2c4c">Formularz zamówienia</a></div>
</div>



<div style="height:40px" aria-hidden="true" class="wp-block-spacer"></div>



<p class="wp-block-paragraph">Nie znalazłeś interesującej Cię publikacji w wersji cyfrowej?<br>Zamów jej digitalizację!</p>



<p class="wp-block-paragraph">Wojewódzka Biblioteka Publiczna im. Hieronima Łopacińskiego w Lublinie udostępnia nowoczesną e-usługę „Digitalizacja na życzenie”, dzięki której możesz wygodnie zamawiać materiały ze zbiorów Biblioteki w formie cyfrowej – szybko, bezpłatnie i całkowicie online.</p>



<p class="wp-block-paragraph">Usługa spełnia najwyższe standardy cyfrowe, co oznacza, że cały proces – od złożenia zamówienia aż po odbiór pliku – odbywa się elektronicznie.</p>



<p class="wp-block-paragraph"><strong>Jak to działa?</strong></p>



<p class="wp-block-paragraph">Wystarczy, że wypełnisz <a href="https://wbp.lublin.pl/index.php/e-uslugi/formularz-zamowienia/" data-type="page" data-id="80709">formularz dostępny na stronie Biblioteki</a> i wskażesz interesujący Cię materiał.<br>Resztą zajmiemy się my – a o realizacji zamówienia poinformujemy Cię mailowo.</p>



<p class="wp-block-paragraph"><strong>Co uzyskasz</strong> <strong>w ramach tej usługi</strong>:</p>



<ul class="wp-block-list">
<li>zeskanujemy wskazane fragmenty książek</li>



<li>przygotujemy pliki w odpowiednim formacie cyfrowym,</li>



<li>udostępnimy gotowy plik drogą mailową.</li>
</ul>



<p class="wp-block-paragraph">To wygodne rozwiązanie, które pozwala dotrzeć do potrzebnych treści bez konieczności wizyty w Bibliotece.</p>



<p class="wp-block-paragraph"><strong>Zalety usługi:</strong></p>



<ul class="wp-block-list">
<li>dostępna z każdego miejsca i o każdej porze,</li>



<li>bezpłatna dla użytkowników,</li>



<li>odpowiada na potrzeby osób z niepełnosprawnościami,</li>



<li>umożliwia dostęp także do materiałów rzadkich i unikalnych.</li>
</ul>



<p class="wp-block-paragraph"><strong>Dlaczego warto skorzystać z usługi?</strong></p>



<ul class="wp-block-list">
<li>oszczędzasz czas – bez wizyty w Bibliotece</li>



<li>masz dostęp do szerokiego zasobu publikacji</li>



<li>korzystasz z nowoczesnej i intuicyjnej usługi</li>



<li>otrzymujesz materiały w wygodnej formie cyfrowej</li>
</ul>



<p class="wp-block-paragraph">„Digitalizacja na życzenie” to nowoczesna biblioteka na Twoich zasadach – dostępna zawsze wtedy, kiedy jej potrzebujesz.</p>



<figure class="wp-block-image size-full"><img data-dominant-color="e1e0e6" data-has-transparency="false" style="--dominant-color: #e1e0e6;" loading="lazy" decoding="async" width="1920" height="204" sizes="auto, (max-width: 1920px) 100vw, 1920px" src="https://wbp.lublin.pl/wp-content/uploads/2024/01/FEL_logotyp_kolor_poziom.webp" alt="Kultura bez ograniczeń – digitalizacja i udostępnianie dziedzictwa kulturowego ze zbiorów Wojewódzkiej Biblioteki Publicznej im. Hieronima Łopacińskiego w Lublinie" class="wp-image-53164 not-transparent" srcset="https://wbp.lublin.pl/wp-content/uploads/2024/01/FEL_logotyp_kolor_poziom.webp 1920w, https://wbp.lublin.pl/wp-content/uploads/2024/01/FEL_logotyp_kolor_poziom-600x64.webp 600w, https://wbp.lublin.pl/wp-content/uploads/2024/01/FEL_logotyp_kolor_poziom-400x43.webp 400w, https://wbp.lublin.pl/wp-content/uploads/2024/01/FEL_logotyp_kolor_poziom-768x82.webp 768w, https://wbp.lublin.pl/wp-content/uploads/2024/01/FEL_logotyp_kolor_poziom-1536x163.webp 1536w, https://wbp.lublin.pl/wp-content/uploads/2024/01/FEL_logotyp_kolor_poziom-947x101.webp 947w, https://wbp.lublin.pl/wp-content/uploads/2024/01/FEL_logotyp_kolor_poziom-624x66.webp 624w" /></figure>

<p>Nie znalazłeś interesującej Cię publikacji w wersji cyfrowej?Zamów jej digitalizację! Wojewódzka Biblioteka Publiczna im. Hieronima Łopacińskiego w Lublinie udostępnia nowoczesną e-usługę „Digitalizacja na życzenie”, dzięki której możesz wygodnie zamawiać materiały [&hellip;]</p>
