{"id":59209,"date":"2024-05-29T10:45:27","date_gmt":"2024-05-29T08:45:27","guid":{"rendered":"https:\/\/wbp.lublin.pl\/?post_type=tribe_venue&#038;p=59209"},"modified":"2024-05-29T11:09:09","modified_gmt":"2024-05-29T09:09:09","slug":"miejsko-gminna-biblioteka-publiczna-im-zbigniewa-herberta-w-lecznej","status":"publish","type":"tribe_venue","link":"https:\/\/wbp.lublin.pl\/index.php\/miejsce\/miejsko-gminna-biblioteka-publiczna-im-zbigniewa-herberta-w-lecznej\/","title":{"rendered":"Miejsko-Gminna Biblioteka Publiczna im. Zbigniewa Herberta w \u0141\u0119cznej"},"content":{"rendered":"","protected":false},"excerpt":{"rendered":"","protected":false},"author":25,"featured_media":0,"template":"","meta":{"_tec_requires_first_save":true,"_crdt_document":"","pgc_sgb_lightbox_settings":"","_EventAllDay":false,"_EventTimezone":"","_EventStartDate":"","_EventEndDate":"","_EventStartDateUTC":"","_EventEndDateUTC":"","_EventShowMap":true,"_EventShowMapLink":true,"_EventURL":"","_EventCost":"","_EventCostDescription":"","_EventCurrencySymbol":"","_EventCurrencyCode":"","_EventCurrencyPosition":"","_EventDateTimeSeparator":"","_EventTimeRangeSeparator":"","_EventOrganizerID":[],"_EventVenueID":[],"_OrganizerEmail":"","_OrganizerPhone":"","_OrganizerWebsite":"","_VenueAddress":"ul. Bo\u017cnicza 21","_VenueCity":"\u0141\u0119czna","_VenueCountry":"Poland","_VenueProvince":"","_VenueState":"","_VenueZip":"21-010","_VenuePhone":"","_VenueURL":"","_VenueStateProvince":"","_VenueLat":"51.307393247318","_VenueLng":"22.88315179685","_VenueShowMap":true,"_VenueShowMapLink":true,"_tribe_blocks_recurrence_rules":"","_tribe_blocks_recurrence_description":"","_tribe_blocks_recurrence_exclusions":"","footnotes":""},"class_list":["post-59209","tribe_venue","type-tribe_venue","status-publish","hentry"],"publishpress_future_workflow_manual_trigger":{"enabledWorkflows":[]},"_links":{"self":[{"href":"https:\/\/wbp.lublin.pl\/index.php\/wp-json\/wp\/v2\/tribe_venue\/59209","targetHints":{"allow":["GET"]}}],"collection":[{"href":"https:\/\/wbp.lublin.pl\/index.php\/wp-json\/wp\/v2\/tribe_venue"}],"about":[{"href":"https:\/\/wbp.lublin.pl\/index.php\/wp-json\/wp\/v2\/types\/tribe_venue"}],"author":[{"embeddable":true,"href":"https:\/\/wbp.lublin.pl\/index.php\/wp-json\/wp\/v2\/users\/25"}],"version-history":[{"count":1,"href":"https:\/\/wbp.lublin.pl\/index.php\/wp-json\/wp\/v2\/tribe_venue\/59209\/revisions"}],"predecessor-version":[{"id":59212,"href":"https:\/\/wbp.lublin.pl\/index.php\/wp-json\/wp\/v2\/tribe_venue\/59209\/revisions\/59212"}],"wp:attachment":[{"href":"https:\/\/wbp.lublin.pl\/index.php\/wp-json\/wp\/v2\/media?parent=59209"}],"curies":[{"name":"wp","href":"https:\/\/api.w.org\/{rel}","templated":true}]}}

Miejsko-Gminna Biblioteka Publiczna im. Zbigniewa Herberta w Łęcznej

ul. Bożnicza 21

Łęczna
